Last updated on 2025-10-24 13:49:49 CEST.
| Flavor | Version | Tinstall | Tcheck | Ttotal | Status | Flags |
|---|---|---|---|---|---|---|
| r-devel-linux-x86_64-debian-clang | 0.1.7 | 8.81 | 73.23 | 82.04 | NOTE | |
| r-devel-linux-x86_64-debian-gcc | 0.1.7 | 6.75 | 52.14 | 58.89 | NOTE | |
| r-devel-linux-x86_64-fedora-clang | 0.1.7 | 64.00 | 72.39 | 136.39 | OK | |
| r-devel-linux-x86_64-fedora-gcc | 0.1.7 | 19.00 | 102.49 | 121.49 | OK | |
| r-devel-windows-x86_64 | 0.1.7 | 12.00 | 82.00 | 94.00 | OK | |
| r-patched-linux-x86_64 | 0.1.7 | 9.18 | 68.16 | 77.34 | OK | |
| r-release-linux-x86_64 | 0.1.7 | 6.61 | 68.30 | 74.91 | OK | |
| r-release-macos-arm64 | 0.1.7 | 4.00 | 29.00 | 33.00 | OK | |
| r-release-macos-x86_64 | 0.1.7 | 7.00 | 48.00 | 55.00 | OK | |
| r-release-windows-x86_64 | 0.1.7 | 12.00 | 85.00 | 97.00 | OK | |
| r-oldrel-macos-arm64 | 0.1.7 | 5.00 | 31.00 | 36.00 | OK | |
| r-oldrel-macos-x86_64 | 0.1.7 | 6.00 | 47.00 | 53.00 | OK | |
| r-oldrel-windows-x86_64 | 0.1.7 | 16.00 | 104.00 | 120.00 | OK |
Version: 0.1.7
Check: CRAN incoming feasibility
Result: NOTE
Maintainer: ‘Isabella Bitetto <bitetto@coispa.it>’
No Authors@R field in DESCRIPTION.
Please add one, modifying
Authors@R: c(person(given = "Isabella",
family = "Bitetto",
role = c("aut", "cre"),
email = "bitetto@coispa.it",
comment = "COISPA"),
person(given = "Loretta",
family = "Malvarosa",
role = "aut",
comment = "NISEA"),
person(given = c("Maria", "Teresa"),
family = "Spedicato",
role = "aut",
comment = "COISPA"),
person(given = "Ralf",
family = "Doering",
role = "aut",
comment = "THUENEN"),
person(given = "Joerg",
family = "Berkenhagen",
role = "aut",
comment = "THUENEN"))
as necessary.
Flavors: r-devel-linux-x86_64-debian-clang, r-devel-linux-x86_64-debian-gcc
These binaries (installable software) and packages are in development.
They may not be fully stable and should be used with caution. We make no claims about them.