Last updated on 2025-02-19 16:51:04 CET.
Flavor | Version | Tinstall | Tcheck | Ttotal | Status | Flags |
---|---|---|---|---|---|---|
r-devel-linux-x86_64-debian-clang | 0.2.0 | 13.05 | 130.49 | 143.54 | OK | |
r-devel-linux-x86_64-debian-gcc | 0.2.0 | 8.27 | 89.76 | 98.03 | OK | |
r-devel-linux-x86_64-fedora-clang | 0.2.0 | 235.46 | OK | |||
r-devel-linux-x86_64-fedora-gcc | 0.2.0 | 229.25 | OK | |||
r-devel-macos-arm64 | 0.2.0 | 74.00 | WARN | |||
r-devel-macos-x86_64 | 0.2.0 | 150.00 | OK | |||
r-devel-windows-x86_64 | 0.2.0 | 12.00 | 145.00 | 157.00 | OK | |
r-patched-linux-x86_64 | 0.2.0 | 12.76 | 120.96 | 133.72 | OK | |
r-release-linux-x86_64 | 0.2.0 | 11.54 | 118.85 | 130.39 | OK | |
r-release-macos-arm64 | 0.2.0 | 81.00 | WARN | |||
r-release-macos-x86_64 | 0.2.0 | 155.00 | OK | |||
r-release-windows-x86_64 | 0.2.0 | 13.00 | 145.00 | 158.00 | OK | |
r-oldrel-macos-arm64 | 0.2.0 | 89.00 | NOTE | |||
r-oldrel-macos-x86_64 | 0.2.0 | 155.00 | OK | |||
r-oldrel-windows-x86_64 | 0.2.0 | 18.00 | 174.00 | 192.00 | OK |
Version: 0.2.0
Check: re-building of vignette outputs
Result: WARN
Error(s) in re-building vignettes:
--- re-building ‘SEI_vignette.Rnw’ using knitr
Error: processing vignette 'SEI_vignette.Rnw' failed with diagnostics:
Running 'texi2dvi' on 'SEI_vignette.tex' failed.
LaTeX errors:
!pdfTeX error: pdflatex (file bbm10): Font bbm10 at 657 not found
==> Fatal error occurred, no output PDF file produced!
--- failed re-building ‘SEI_vignette.Rnw’
SUMMARY: processing the following file failed:
‘SEI_vignette.Rnw’
Error: Vignette re-building failed.
Execution halted
Flavors: r-devel-macos-arm64, r-release-macos-arm64
Version: 0.2.0
Check: re-building of vignette outputs
Result: NOTE
Error(s) in re-building vignettes:
...
--- re-building ‘SEI_vignette.Rnw’ using knitr
Error: processing vignette 'SEI_vignette.Rnw' failed with diagnostics:
Running 'texi2dvi' on 'SEI_vignette.tex' failed.
LaTeX errors:
!pdfTeX error: pdflatex (file bbm10): Font bbm10 at 657 not found
==> Fatal error occurred, no output PDF file produced!
--- failed re-building ‘SEI_vignette.Rnw’
SUMMARY: processing the following file failed:
‘SEI_vignette.Rnw’
Error: Vignette re-building failed.
Execution halted
Flavor: r-oldrel-macos-arm64
These binaries (installable software) and packages are in development.
They may not be fully stable and should be used with caution. We make no claims about them.