Last updated on 2025-10-23 09:50:59 CEST.
Flavor | Version | Tinstall | Tcheck | Ttotal | Status | Flags |
---|---|---|---|---|---|---|
r-devel-linux-x86_64-debian-clang | 1.0.0 | 25.49 | 197.63 | 223.12 | OK | |
r-devel-linux-x86_64-debian-gcc | 1.0.0 | 18.38 | 152.35 | 170.73 | OK | |
r-devel-linux-x86_64-fedora-clang | 1.0.0 | 87.00 | 274.56 | 361.56 | OK | |
r-devel-linux-x86_64-fedora-gcc | 1.0.0 | 60.00 | 296.49 | 356.49 | OK | |
r-devel-windows-x86_64 | 1.0.0 | 20.00 | 144.00 | 164.00 | OK | |
r-patched-linux-x86_64 | 1.0.0 | 24.62 | 195.33 | 219.95 | OK | |
r-release-linux-x86_64 | 1.0.0 | 27.29 | 193.75 | 221.04 | OK | |
r-release-macos-arm64 | 1.0.0 | 9.00 | 70.00 | 79.00 | OK | |
r-release-macos-x86_64 | 1.0.0 | 9.00 | 64.00 | 73.00 | OK | |
r-release-windows-x86_64 | 1.0.0 | 19.00 | 146.00 | 165.00 | OK | |
r-oldrel-macos-arm64 | 1.0.0 | 7.00 | 53.00 | 60.00 | OK | |
r-oldrel-macos-x86_64 | 1.0.0 | 9.00 | 92.00 | 101.00 | OK | |
r-oldrel-windows-x86_64 | 1.0.0 | 26.00 | 183.00 | 209.00 | WARN |
Version: 1.0.0
Check: whether package can be installed
Result: WARN
Found the following significant warnings:
Warning: Torch libraries are installed but loading them caused a segfault.
Flavor: r-oldrel-windows-x86_64
These binaries (installable software) and packages are in development.
They may not be fully stable and should be used with caution. We make no claims about them.