Last updated on 2025-05-01 14:49:22 CEST.
Flavor | Version | Tinstall | Tcheck | Ttotal | Status | Flags |
---|---|---|---|---|---|---|
r-devel-linux-x86_64-debian-clang | 1.2.3 | 13.64 | 110.28 | 123.92 | NOTE | |
r-devel-linux-x86_64-debian-gcc | 1.2.3 | 9.25 | 77.27 | 86.52 | OK | |
r-devel-linux-x86_64-fedora-clang | 1.2.3 | 197.26 | OK | |||
r-devel-linux-x86_64-fedora-gcc | 1.2.3 | 193.72 | OK | |||
r-devel-windows-x86_64 | 1.2.3 | 14.00 | 124.00 | 138.00 | OK | |
r-patched-linux-x86_64 | 1.2.3 | 14.71 | 102.77 | 117.48 | OK | |
r-release-linux-x86_64 | OK | |||||
r-release-macos-arm64 | 1.2.3 | 63.00 | OK | |||
r-release-macos-x86_64 | 1.2.3 | 110.00 | OK | |||
r-release-windows-x86_64 | 1.2.3 | 16.00 | 126.00 | 142.00 | OK | |
r-oldrel-macos-arm64 | 1.2.3 | 59.00 | OK | |||
r-oldrel-macos-x86_64 | 1.2.3 | 105.00 | OK | |||
r-oldrel-windows-x86_64 | 1.2.3 | 19.00 | 152.00 | 171.00 | OK |
Version: 1.2.3
Check: examples
Result: NOTE
Examples with CPU (user + system) or elapsed time > 5s
user system elapsed
SEMbap 1.921 0.098 6.745
Flavor: r-devel-linux-x86_64-debian-clang
These binaries (installable software) and packages are in development.
They may not be fully stable and should be used with caution. We make no claims about them.