Last updated on 2025-02-16 10:50:58 CET.
Flavor | Version | Tinstall | Tcheck | Ttotal | Status | Flags |
---|---|---|---|---|---|---|
r-devel-linux-x86_64-debian-clang | 0.1.4 | 30.15 | 23.37 | 53.52 | NOTE | |
r-devel-linux-x86_64-debian-gcc | 0.1.4 | 20.79 | 18.85 | 39.64 | NOTE | |
r-devel-linux-x86_64-fedora-clang | 0.1.4 | 103.90 | NOTE | |||
r-devel-linux-x86_64-fedora-gcc | 0.1.4 | 103.75 | NOTE | |||
r-devel-macos-arm64 | 0.1.4 | 29.00 | NOTE | |||
r-devel-macos-x86_64 | 0.1.4 | 45.00 | NOTE | |||
r-devel-windows-x86_64 | 0.1.4 | 31.00 | 70.00 | 101.00 | NOTE | |
r-patched-linux-x86_64 | 0.1.4 | 30.87 | 22.67 | 53.54 | NOTE | |
r-release-linux-x86_64 | 0.1.4 | 30.89 | 22.70 | 53.59 | NOTE | |
r-release-macos-arm64 | 0.1.4 | 29.00 | NOTE | |||
r-release-macos-x86_64 | 0.1.4 | 49.00 | NOTE | |||
r-release-windows-x86_64 | 0.1.4 | 34.00 | 67.00 | 101.00 | NOTE | |
r-oldrel-macos-arm64 | 0.1.4 | 37.00 | NOTE | |||
r-oldrel-macos-x86_64 | 0.1.4 | 55.00 | NOTE | |||
r-oldrel-windows-x86_64 | 0.1.4 | 41.00 | 86.00 | 127.00 | NOTE |
Version: 0.1.4
Check: C++ specification
Result: NOTE
Specified C++11: please drop specification unless essential
Flavors: r-devel-linux-x86_64-debian-clang, r-devel-linux-x86_64-debian-gcc, r-devel-linux-x86_64-fedora-clang, r-devel-linux-x86_64-fedora-gcc, r-devel-macos-arm64, r-devel-macos-x86_64, r-devel-windows-x86_64, r-patched-linux-x86_64, r-release-linux-x86_64, r-release-macos-arm64, r-release-macos-x86_64, r-release-windows-x86_64, r-oldrel-macos-arm64, r-oldrel-macos-x86_64, r-oldrel-windows-x86_64
These binaries (installable software) and packages are in development.
They may not be fully stable and should be used with caution. We make no claims about them.