CRAN Package Check Results for Package SFS

Last updated on 2025-07-02 01:51:50 CEST.

Flavor Version Tinstall Tcheck Ttotal Status Flags
r-devel-linux-x86_64-debian-clang 0.1.4 29.34 25.51 54.85 NOTE
r-devel-linux-x86_64-debian-gcc 0.1.4 22.03 20.84 42.87 NOTE
r-devel-linux-x86_64-fedora-clang 0.1.4 97.18 NOTE
r-devel-linux-x86_64-fedora-gcc 0.1.4 90.50 NOTE
r-devel-windows-x86_64 0.1.4 36.00 66.00 102.00 NOTE
r-patched-linux-x86_64 NOTE
r-release-linux-x86_64 0.1.4 31.01 23.28 54.29 NOTE
r-release-macos-arm64 0.1.4 31.00 NOTE
r-release-macos-x86_64 0.1.4 46.00 NOTE
r-release-windows-x86_64 0.1.4 38.00 66.00 104.00 NOTE
r-oldrel-macos-arm64 0.1.4 29.00 NOTE
r-oldrel-macos-x86_64 0.1.4 49.00 NOTE
r-oldrel-windows-x86_64 0.1.4 39.00 78.00 117.00 NOTE

Check Details

Version: 0.1.4
Check: CRAN incoming feasibility
Result: NOTE Maintainer: ‘Utz-Uwe Haus <uhaus@cray.com>’ Package CITATION file contains call(s) to old-style personList() or as.personList(). Please use c() on person objects instead. Found the following (possibly) invalid file URIs: URI: github From: README.md URI: Win-Builder From: README.md Flavors: r-devel-linux-x86_64-debian-clang, r-devel-linux-x86_64-debian-gcc

Version: 0.1.4
Check: C++ specification
Result: NOTE Specified C++11: please drop specification unless essential Flavors: r-devel-linux-x86_64-debian-clang, r-devel-linux-x86_64-debian-gcc, r-devel-linux-x86_64-fedora-clang, r-devel-linux-x86_64-fedora-gcc, r-devel-windows-x86_64, r-patched-linux-x86_64, r-release-linux-x86_64, r-release-macos-arm64, r-release-macos-x86_64, r-release-windows-x86_64, r-oldrel-macos-arm64, r-oldrel-macos-x86_64, r-oldrel-windows-x86_64

These binaries (installable software) and packages are in development.
They may not be fully stable and should be used with caution. We make no claims about them.