Last updated on 2025-05-21 21:49:30 CEST.
Flavor | Version | Tinstall | Tcheck | Ttotal | Status | Flags |
---|---|---|---|---|---|---|
r-devel-linux-x86_64-debian-clang | 0.1.0 | 54.17 | 43.38 | 97.55 | NOTE | |
r-devel-linux-x86_64-debian-gcc | 0.1.0 | 35.26 | 32.83 | 68.09 | NOTE | |
r-devel-linux-x86_64-fedora-clang | 0.1.0 | 179.68 | OK | |||
r-devel-linux-x86_64-fedora-gcc | 0.1.0 | 188.04 | OK | |||
r-devel-windows-x86_64 | 0.1.0 | 60.00 | 78.00 | 138.00 | OK | |
r-patched-linux-x86_64 | 0.1.0 | 50.16 | 39.67 | 89.83 | OK | |
r-release-linux-x86_64 | 0.1.0 | 49.49 | 39.28 | 88.77 | OK | |
r-release-macos-arm64 | 0.1.0 | 52.00 | OK | |||
r-release-macos-x86_64 | 0.1.0 | 73.00 | OK | |||
r-release-windows-x86_64 | 0.1.0 | 61.00 | 80.00 | 141.00 | OK | |
r-oldrel-macos-arm64 | 0.1.0 | 49.00 | OK | |||
r-oldrel-macos-x86_64 | 0.1.0 | 60.00 | OK | |||
r-oldrel-windows-x86_64 | 0.1.0 | 69.00 | 94.00 | 163.00 | OK |
Version: 0.1.0
Check: CRAN incoming feasibility
Result: NOTE
Maintainer: ‘Youngki Shin <shiny11@mcmaster.ca>’
The Description field contains
<arXiv:2209.14502> "Fast Inference for Quantile Regression with Tens of
Please refer to arXiv e-prints via their arXiv DOI <doi:10.48550/arXiv.YYMM.NNNNN>.
Flavors: r-devel-linux-x86_64-debian-clang, r-devel-linux-x86_64-debian-gcc
These binaries (installable software) and packages are in development.
They may not be fully stable and should be used with caution. We make no claims about them.