Last updated on 2025-11-11 15:50:47 CET.
| Flavor | Version | Tinstall | Tcheck | Ttotal | Status | Flags |
|---|---|---|---|---|---|---|
| r-devel-linux-x86_64-debian-clang | 2.2-0.0 | 58.09 | 248.21 | 306.30 | NOTE | |
| r-devel-linux-x86_64-debian-gcc | 2.2-0.0 | 39.58 | 159.82 | 199.40 | NOTE | |
| r-devel-linux-x86_64-fedora-clang | 2.2-0.0 | 257.00 | 258.00 | 515.00 | NOTE | |
| r-devel-linux-x86_64-fedora-gcc | 2.2-0.0 | 124.00 | 356.20 | 480.20 | NOTE | |
| r-devel-windows-x86_64 | 2.2-0.0 | 58.00 | 201.00 | 259.00 | NOTE | |
| r-patched-linux-x86_64 | 2.2-0.0 | 63.73 | 233.15 | 296.88 | OK | |
| r-release-linux-x86_64 | 2.2-0.0 | 59.53 | 232.16 | 291.69 | OK | |
| r-release-macos-arm64 | 2.2-0.0 | 28.00 | 92.00 | 120.00 | OK | |
| r-release-macos-x86_64 | 2.2-0.0 | 57.00 | 181.00 | 238.00 | OK | |
| r-release-windows-x86_64 | 2.2-0.0 | 60.00 | 202.00 | 262.00 | OK | |
| r-oldrel-macos-arm64 | 2.2-0.0 | 23.00 | 63.00 | 86.00 | OK | |
| r-oldrel-macos-x86_64 | 2.2-0.0 | 43.00 | 107.00 | 150.00 | OK | |
| r-oldrel-windows-x86_64 | 2.2-0.0 | 82.00 | 279.00 | 361.00 | OK |
Version: 2.2-0.0
Check: Rd files
Result: NOTE
checkRd: (-1) summarizeSGP.Rd:63-75: Only 2 columns allowed in this table (row 11 has 1)
Flavors: r-devel-linux-x86_64-debian-clang, r-devel-linux-x86_64-debian-gcc, r-devel-linux-x86_64-fedora-clang, r-devel-linux-x86_64-fedora-gcc, r-devel-windows-x86_64
These binaries (installable software) and packages are in development.
They may not be fully stable and should be used with caution. We make no claims about them.