Last updated on 2025-07-02 01:51:50 CEST.
Flavor | Version | Tinstall | Tcheck | Ttotal | Status | Flags |
---|---|---|---|---|---|---|
r-devel-linux-x86_64-debian-clang | 28.0-0.0 | 72.21 | 46.42 | 118.63 | OK | |
r-devel-linux-x86_64-debian-gcc | 28.0-0.0 | 52.21 | 32.80 | 85.01 | OK | |
r-devel-linux-x86_64-fedora-clang | 28.0-0.0 | 178.73 | OK | |||
r-devel-linux-x86_64-fedora-gcc | 28.0-0.0 | 194.04 | OK | |||
r-devel-windows-x86_64 | 28.0-0.0 | 64.00 | 62.00 | 126.00 | OK | |
r-patched-linux-x86_64 | OK | |||||
r-release-linux-x86_64 | 28.0-0.0 | 71.60 | 42.98 | 114.58 | OK | |
r-release-macos-arm64 | 28.0-0.0 | 87.00 | OK | |||
r-release-macos-x86_64 | 28.0-0.0 | 145.00 | OK | |||
r-release-windows-x86_64 | 28.0-0.0 | 65.00 | 64.00 | 129.00 | OK | |
r-oldrel-macos-arm64 | 28.0-0.0 | 88.00 | NOTE | |||
r-oldrel-macos-x86_64 | 28.0-0.0 | 236.00 | NOTE | |||
r-oldrel-windows-x86_64 | 28.0-0.0 | 84.00 | 75.00 | 159.00 | NOTE |
Version: 28.0-0.0
Check: installed package size
Result: NOTE
installed size is 7.6Mb
sub-directories of 1Mb or more:
data 7.5Mb
Flavors: r-oldrel-macos-arm64, r-oldrel-macos-x86_64, r-oldrel-windows-x86_64
These binaries (installable software) and packages are in development.
They may not be fully stable and should be used with caution. We make no claims about them.