Last updated on 2024-07-27 15:50:33 CEST.
Flavor | Version | Tinstall | Tcheck | Ttotal | Status | Flags |
---|---|---|---|---|---|---|
r-devel-linux-x86_64-debian-clang | 0.1.8 | 128.95 | 116.91 | 245.86 | NOTE | |
r-devel-linux-x86_64-debian-gcc | 0.1.8 | NOTE | ||||
r-devel-linux-x86_64-fedora-clang | 0.1.8 | 402.63 | NOTE | |||
r-devel-linux-x86_64-fedora-gcc | 0.1.8 | 317.90 | NOTE | |||
r-devel-windows-x86_64 | 0.1.8 | 99.00 | 129.00 | 228.00 | NOTE | |
r-patched-linux-x86_64 | 0.1.8 | NOTE | ||||
r-release-linux-x86_64 | 0.1.8 | 100.01 | 110.25 | 210.26 | NOTE | |
r-release-macos-arm64 | 0.1.8 | 75.00 | NOTE | |||
r-release-macos-x86_64 | 0.1.8 | 94.00 | NOTE | |||
r-release-windows-x86_64 | 0.1.8 | 125.00 | 129.00 | 254.00 | NOTE | |
r-oldrel-macos-arm64 | 0.1.8 | 94.00 | NOTE | |||
r-oldrel-macos-x86_64 | 0.1.8 | 150.00 | NOTE | |||
r-oldrel-windows-x86_64 | 0.1.8 | 115.00 | 157.00 | 272.00 | NOTE |
Version: 0.1.8
Check: C++ specification
Result: NOTE
Specified C++11: please drop specification unless essential
Flavors: r-devel-linux-x86_64-debian-clang, r-devel-linux-x86_64-debian-gcc, r-devel-linux-x86_64-fedora-clang, r-devel-linux-x86_64-fedora-gcc, r-devel-windows-x86_64, r-patched-linux-x86_64, r-release-linux-x86_64, r-release-macos-arm64, r-release-macos-x86_64, r-release-windows-x86_64, r-oldrel-macos-arm64, r-oldrel-macos-x86_64, r-oldrel-windows-x86_64
These binaries (installable software) and packages are in development.
They may not be fully stable and should be used with caution. We make no claims about them.