Last updated on 2025-02-16 10:50:58 CET.
Flavor | Version | Tinstall | Tcheck | Ttotal | Status | Flags |
---|---|---|---|---|---|---|
r-devel-linux-x86_64-debian-clang | 0.1.8 | 91.77 | 89.48 | 181.25 | NOTE | |
r-devel-linux-x86_64-debian-gcc | 0.1.8 | 59.85 | 67.76 | 127.61 | NOTE | |
r-devel-linux-x86_64-fedora-clang | 0.1.8 | 357.56 | NOTE | |||
r-devel-linux-x86_64-fedora-gcc | 0.1.8 | 322.16 | NOTE | |||
r-devel-macos-arm64 | 0.1.8 | 76.00 | NOTE | |||
r-devel-macos-x86_64 | 0.1.8 | 136.00 | NOTE | |||
r-devel-windows-x86_64 | 0.1.8 | 97.00 | 130.00 | 227.00 | NOTE | |
r-patched-linux-x86_64 | 0.1.8 | 83.87 | 83.80 | 167.67 | NOTE | |
r-release-linux-x86_64 | 0.1.8 | 88.17 | 84.50 | 172.67 | NOTE | |
r-release-macos-arm64 | 0.1.8 | 75.00 | NOTE | |||
r-release-macos-x86_64 | 0.1.8 | 94.00 | NOTE | |||
r-release-windows-x86_64 | 0.1.8 | 96.00 | 140.00 | 236.00 | NOTE | |
r-oldrel-macos-arm64 | 0.1.8 | 94.00 | NOTE | |||
r-oldrel-macos-x86_64 | 0.1.8 | 150.00 | NOTE | |||
r-oldrel-windows-x86_64 | 0.1.8 | 122.00 | 169.00 | 291.00 | NOTE |
Version: 0.1.8
Check: C++ specification
Result: NOTE
Specified C++11: please drop specification unless essential
Flavors: r-devel-linux-x86_64-debian-clang, r-devel-linux-x86_64-debian-gcc, r-devel-linux-x86_64-fedora-clang, r-devel-linux-x86_64-fedora-gcc, r-devel-macos-arm64, r-devel-macos-x86_64, r-devel-windows-x86_64, r-patched-linux-x86_64, r-release-linux-x86_64, r-release-macos-arm64, r-release-macos-x86_64, r-release-windows-x86_64, r-oldrel-macos-arm64, r-oldrel-macos-x86_64, r-oldrel-windows-x86_64
These binaries (installable software) and packages are in development.
They may not be fully stable and should be used with caution. We make no claims about them.