CRAN Package Check Results for Package SIBERG

Last updated on 2025-02-16 12:53:52 CET.

Flavor Version Tinstall Tcheck Ttotal Status Flags
r-devel-linux-x86_64-debian-clang 2.0.3 2.18 27.15 29.33 OK
r-devel-linux-x86_64-debian-gcc 2.0.3 1.68 21.66 23.34 OK
r-devel-linux-x86_64-fedora-clang 2.0.3 48.14 OK
r-devel-linux-x86_64-fedora-gcc 2.0.3 57.80 OK
r-devel-macos-arm64 2.0.3 25.00 OK
r-devel-macos-x86_64 2.0.3 43.00 OK
r-devel-windows-x86_64 2.0.3 3.00 65.00 68.00 OK
r-patched-linux-x86_64 2.0.3 2.28 26.03 28.31 OK
r-release-linux-x86_64 2.0.3 2.20 26.23 28.43 OK
r-release-macos-arm64 2.0.3 24.00 OK
r-release-macos-x86_64 2.0.3 37.00 OK
r-release-windows-x86_64 2.0.3 3.00 67.00 70.00 OK
r-oldrel-macos-arm64 2.0.3 25.00 OK
r-oldrel-macos-x86_64 2.0.3 28.00 NOTE
r-oldrel-windows-x86_64 2.0.3 4.00 61.00 65.00 OK

Check Details

Version: 2.0.3
Check: package dependencies
Result: NOTE Package suggested but not available for checking: ‘edgeR’ Flavor: r-oldrel-macos-x86_64

Version: 2.0.3
Check: re-building of vignette outputs
Result: NOTE Note: skipping ‘SIBER.Rnw’ due to unavailable dependencies: 'edgeR' Flavor: r-oldrel-macos-x86_64

These binaries (installable software) and packages are in development.
They may not be fully stable and should be used with caution. We make no claims about them.