Last updated on 2025-07-26 07:50:34 CEST.
Flavor | Version | Tinstall | Tcheck | Ttotal | Status | Flags |
---|---|---|---|---|---|---|
r-devel-linux-x86_64-debian-clang | 0.1.0 | 52.36 | 385.72 | 438.08 | OK | |
r-devel-linux-x86_64-debian-gcc | 0.1.0 | 35.80 | 276.66 | 312.46 | OK | |
r-devel-linux-x86_64-fedora-clang | 0.1.0 | 682.16 | NOTE | |||
r-devel-linux-x86_64-fedora-gcc | 0.1.0 | 649.25 | NOTE | |||
r-devel-windows-x86_64 | 0.1.0 | 49.00 | 375.00 | 424.00 | OK | |
r-patched-linux-x86_64 | 0.1.0 | 46.65 | 362.80 | 409.45 | OK | |
r-release-linux-x86_64 | 0.1.0 | 47.65 | 357.79 | 405.44 | OK | |
r-release-macos-arm64 | 0.1.0 | 174.00 | OK | |||
r-release-macos-x86_64 | 0.1.0 | 335.00 | OK | |||
r-release-windows-x86_64 | 0.1.0 | 48.00 | 331.00 | 379.00 | OK | |
r-oldrel-macos-arm64 | 0.1.0 | 153.00 | NOTE | |||
r-oldrel-macos-x86_64 | 0.1.0 | 255.00 | NOTE | |||
r-oldrel-windows-x86_64 | 0.1.0 | 60.00 | 378.00 | 438.00 | NOTE |
Version: 0.1.0
Check: dependencies in R code
Result: NOTE
Namespace in Imports field not imported from: ‘utils’
All declared Imports should be used.
Flavors: r-devel-linux-x86_64-fedora-clang, r-devel-linux-x86_64-fedora-gcc
Version: 0.1.0
Check: LazyData
Result: NOTE
'LazyData' is specified without a 'data' directory
Flavors: r-oldrel-macos-arm64, r-oldrel-macos-x86_64, r-oldrel-windows-x86_64
These binaries (installable software) and packages are in development.
They may not be fully stable and should be used with caution. We make no claims about them.