Last updated on 2025-10-23 15:50:12 CEST.
Flavor | Version | Tinstall | Tcheck | Ttotal | Status | Flags |
---|---|---|---|---|---|---|
r-devel-linux-x86_64-debian-clang | 2.1.0 | 14.24 | 177.57 | 191.81 | NOTE | |
r-devel-linux-x86_64-debian-gcc | 2.1.0 | 10.03 | 120.78 | 130.81 | OK | |
r-devel-linux-x86_64-fedora-clang | 2.1.0 | 53.00 | 280.78 | 333.78 | OK | |
r-devel-linux-x86_64-fedora-gcc | 2.1.0 | 30.00 | 274.17 | 304.17 | OK | |
r-devel-windows-x86_64 | 2.1.0 | 14.00 | 164.00 | 178.00 | OK | |
r-patched-linux-x86_64 | 2.1.0 | 13.98 | 171.09 | 185.07 | OK | |
r-release-linux-x86_64 | 2.1.0 | 14.16 | 172.49 | 186.65 | OK | |
r-release-macos-arm64 | 2.1.0 | 7.00 | 85.00 | 92.00 | OK | |
r-release-macos-x86_64 | 2.1.0 | 12.00 | 162.00 | 174.00 | OK | |
r-release-windows-x86_64 | 2.1.0 | 15.00 | 165.00 | 180.00 | OK | |
r-oldrel-macos-arm64 | 2.1.0 | 7.00 | 91.00 | 98.00 | OK | |
r-oldrel-macos-x86_64 | 2.1.0 | 10.00 | 119.00 | 129.00 | OK | |
r-oldrel-windows-x86_64 | 2.1.0 | 19.00 | 229.00 | 248.00 | OK |
Version: 2.1.0
Check: HTML version of manual
Result: NOTE
Found the following HTML validation problems:
ci.html:72:1 (ci.Rd:28): Warning: missing </ul> before </div>
Flavor: r-devel-linux-x86_64-debian-clang
These binaries (installable software) and packages are in development.
They may not be fully stable and should be used with caution. We make no claims about them.