Last updated on 2025-11-11 15:50:47 CET.
| Flavor | Version | Tinstall | Tcheck | Ttotal | Status | Flags |
|---|---|---|---|---|---|---|
| r-devel-linux-x86_64-debian-clang | 1.0.0 | 27.09 | 28.26 | 55.35 | NOTE | |
| r-devel-linux-x86_64-debian-gcc | 1.0.0 | 20.00 | 22.68 | 42.68 | NOTE | |
| r-devel-linux-x86_64-fedora-clang | 1.0.0 | 61.00 | 32.95 | 93.95 | OK | |
| r-devel-linux-x86_64-fedora-gcc | 1.0.0 | 64.00 | 29.32 | 93.32 | OK | |
| r-devel-windows-x86_64 | 1.0.0 | 26.00 | 58.00 | 84.00 | OK | |
| r-patched-linux-x86_64 | 1.0.0 | 25.95 | 27.61 | 53.56 | OK | |
| r-release-linux-x86_64 | 1.0.0 | 26.60 | 27.01 | 53.61 | OK | |
| r-release-macos-arm64 | 1.0.0 | 14.00 | 20.00 | 34.00 | OK | |
| r-release-macos-x86_64 | 1.0.0 | 21.00 | 41.00 | 62.00 | OK | |
| r-release-windows-x86_64 | 1.0.0 | 28.00 | 64.00 | 92.00 | OK | |
| r-oldrel-macos-arm64 | 1.0.0 | 10.00 | 16.00 | 26.00 | OK | |
| r-oldrel-macos-x86_64 | 1.0.0 | 20.00 | 27.00 | 47.00 | OK | |
| r-oldrel-windows-x86_64 | 1.0.0 | 34.00 | 71.00 | 105.00 | OK |
Version: 1.0.0
Check: CRAN incoming feasibility
Result: NOTE
Maintainer: ‘Rong Zhang <roz16@pitt.edu>’
No Authors@R field in DESCRIPTION.
Please add one, modifying
Authors@R: c(person(given = "Rong",
family = "Zhang",
role = c("aut", "cre"),
email = "roz16@pitt.edu"),
person(given = "Zhao",
family = "Ren",
role = "aut"),
person(given = "Wei",
family = "Chen",
role = "aut"))
as necessary.
Flavors: r-devel-linux-x86_64-debian-clang, r-devel-linux-x86_64-debian-gcc
These binaries (installable software) and packages are in development.
They may not be fully stable and should be used with caution. We make no claims about them.