Last updated on 2025-07-26 01:51:05 CEST.
Flavor | Version | Tinstall | Tcheck | Ttotal | Status | Flags |
---|---|---|---|---|---|---|
r-devel-linux-x86_64-debian-clang | 1.0.0 | 29.19 | 27.61 | 56.80 | NOTE | |
r-devel-linux-x86_64-debian-gcc | 1.0.0 | 21.09 | 22.05 | 43.14 | NOTE | |
r-devel-linux-x86_64-fedora-clang | 1.0.0 | 94.92 | OK | |||
r-devel-linux-x86_64-fedora-gcc | 1.0.0 | 90.26 | OK | |||
r-devel-windows-x86_64 | 1.0.0 | 27.00 | 64.00 | 91.00 | OK | |
r-patched-linux-x86_64 | 1.0.0 | 25.52 | 26.08 | 51.60 | OK | |
r-release-linux-x86_64 | 1.0.0 | 28.84 | 26.02 | 54.86 | OK | |
r-release-macos-arm64 | 1.0.0 | 34.00 | OK | |||
r-release-macos-x86_64 | 1.0.0 | 62.00 | OK | |||
r-release-windows-x86_64 | 1.0.0 | 26.00 | 66.00 | 92.00 | OK | |
r-oldrel-macos-arm64 | 1.0.0 | 26.00 | OK | |||
r-oldrel-macos-x86_64 | 1.0.0 | 47.00 | OK | |||
r-oldrel-windows-x86_64 | 1.0.0 | 35.00 | 95.00 | 130.00 | OK |
Version: 1.0.0
Check: CRAN incoming feasibility
Result: NOTE
Maintainer: ‘Rong Zhang <roz16@pitt.edu>’
No Authors@R field in DESCRIPTION.
Please add one, modifying
Authors@R: c(person(given = "Rong",
family = "Zhang",
role = c("aut", "cre"),
email = "roz16@pitt.edu"),
person(given = "Zhao",
family = "Ren",
role = "aut"),
person(given = "Wei",
family = "Chen",
role = "aut"))
as necessary.
Flavors: r-devel-linux-x86_64-debian-clang, r-devel-linux-x86_64-debian-gcc
These binaries (installable software) and packages are in development.
They may not be fully stable and should be used with caution. We make no claims about them.