Last updated on 2024-07-27 15:50:34 CEST.
Flavor | Version | Tinstall | Tcheck | Ttotal | Status | Flags |
---|---|---|---|---|---|---|
r-devel-linux-x86_64-debian-clang | 0.3.0 | 16.24 | 546.51 | 562.75 | NOTE | |
r-devel-linux-x86_64-debian-gcc | 0.3.0 | NOTE | ||||
r-devel-linux-x86_64-fedora-clang | 0.3.0 | 710.99 | NOTE | |||
r-devel-linux-x86_64-fedora-gcc | 0.3.0 | 814.28 | NOTE | |||
r-devel-windows-x86_64 | 0.3.0 | 13.00 | 401.00 | 414.00 | NOTE | |
r-patched-linux-x86_64 | 0.3.0 | NOTE | ||||
r-release-linux-x86_64 | 0.3.0 | 11.77 | 539.06 | 550.83 | NOTE | |
r-release-macos-arm64 | 0.3.0 | 294.00 | NOTE | |||
r-release-macos-x86_64 | 0.3.0 | 520.00 | NOTE | |||
r-release-windows-x86_64 | 0.3.0 | 13.00 | 392.00 | 405.00 | NOTE | |
r-oldrel-macos-arm64 | 0.3.0 | 373.00 | OK | |||
r-oldrel-macos-x86_64 | 0.3.0 | 606.00 | OK | |||
r-oldrel-windows-x86_64 | 0.3.0 | 16.00 | 511.00 | 527.00 | OK |
Version: 0.3.0
Check: Rd files
Result: NOTE
checkRd: (-1) cross.Rd:11: Lost braces
11 | \item{x}{\code{\link{Pop-class}} or code{\link{Colony-class}} or \code{\link{MultiColony-class}},
| ^
Flavors: r-devel-linux-x86_64-debian-clang, r-devel-linux-x86_64-debian-gcc, r-devel-linux-x86_64-fedora-clang, r-devel-linux-x86_64-fedora-gcc, r-devel-windows-x86_64, r-patched-linux-x86_64, r-release-linux-x86_64, r-release-macos-arm64, r-release-macos-x86_64, r-release-windows-x86_64
Version: 0.3.0
Check: Rd cross-references
Result: NOTE
Found the following Rd file(s) with Rd \link{} targets missing package
anchors:
Colony-class.Rd: Pop-class
SimParamBee.Rd: SimParam, MapPop-class
calcInheritanceCriterion.Rd: Pop-class
calcQueensPHomBrood.Rd: Pop-class
combineBeeGametes.Rd: Pop-class
combineBeeGametesHaploDiploid.Rd: Pop-class
combineNULLAndPop.Rd: Pop-class
createCastePop.Rd: Pop-class
createColony.Rd: Pop-class
createDCA.Rd: Pop-class
createMatingStationDCA.Rd: Pop-class
createMultiColony.Rd: Pop-class
createRandomCrossPlan.Rd: Pop-class
cross.Rd: Pop-class
downsize.Rd: selectInd
editCsdLocus.Rd: Pop-class
getAa.Rd: Pop-class, dd
getBv.Rd: Pop-class, bv
getCaste.Rd: Pop-class
getCasteId.Rd: Pop-class
getCastePop.Rd: Pop-class, selectInd, mergePops
getCasteSex.Rd: Pop-class
getCsdAlleles.Rd: Pop-class
getCsdGeno.Rd: Pop-class
getDd.Rd: Pop-class, dd
getGv.Rd: Pop-class, gv
getIbdHaplo.Rd: Pop-class, pullIbdHaplo
getId.Rd: Pop-class
getPheno.Rd: Pop-class, pheno
getQtlGeno.Rd: Pop-class, pullQtlGeno
getQtlHaplo.Rd: Pop-class, pullQtlHaplo
getQueenAge.Rd: Pop-class
getQueenYearOfBirth.Rd: Pop-class
getSegSiteGeno.Rd: Pop-class, pullSegSiteGeno
getSegSiteHaplo.Rd: Pop-class, pullSegSiteHaplo
getSnpGeno.Rd: Pop-class, pullSnpGeno
getSnpHaplo.Rd: Pop-class, pullSnpHaplo
isCaste.Rd: Pop-class
isCsdHeterozygous.Rd: Pop-class
isEmpty.Rd: Pop-class
mapCasteToColonyValue.Rd: pheno, gv
nCsdAlleles.Rd: Pop-class
nDronesFun.Rd: Pop-class
pullCastePop.Rd: selectInd, Pop-class
pullDroneGroupsFromDCA.Rd: Pop-class
pullInd.Rd: Pop-class, selectInd
reQueen.Rd: Pop-class
reduceDroneGeno.Rd: Pop-class
reduceDroneHaplo.Rd: Pop-class
removeCastePop.Rd: selectInd
replaceCastePop.Rd: selectInd
setQueensYearOfBirth.Rd: Pop-class
simulateHoneyBeeGenomes.Rd: MapPop-class
Please provide package anchors for all Rd \link{} targets not in the
package itself and the base packages.
Flavors: r-devel-linux-x86_64-debian-gcc, r-devel-windows-x86_64
These binaries (installable software) and packages are in development.
They may not be fully stable and should be used with caution. We make no claims about them.