CRAN Package Check Results for Package SIRE

Last updated on 2025-04-16 15:52:58 CEST.

Flavor Version Tinstall Tcheck Ttotal Status Flags
r-devel-linux-x86_64-debian-clang 1.1.0 2.39 24.06 26.45 OK
r-devel-linux-x86_64-debian-gcc 1.1.0 1.65 19.08 20.73 OK
r-devel-linux-x86_64-fedora-clang 1.1.0 42.09 NOTE
r-devel-linux-x86_64-fedora-gcc 1.1.0 39.63 NOTE
r-devel-windows-x86_64 1.1.0 4.00 43.00 47.00 OK
r-patched-linux-x86_64 1.1.0 1.90 24.36 26.26 OK
r-release-linux-x86_64 1.1.0 2.19 23.17 25.36 OK
r-release-macos-arm64 1.1.0 19.00 OK
r-release-macos-x86_64 1.1.0 28.00 OK
r-release-windows-x86_64 1.1.0 4.00 45.00 49.00 OK
r-oldrel-macos-arm64 1.1.0 17.00 OK
r-oldrel-macos-x86_64 1.1.0 29.00 OK
r-oldrel-windows-x86_64 1.1.0 5.00 49.00 54.00 OK

Check Details

Version: 1.1.0
Check: dependencies in R code
Result: NOTE Namespaces in Imports field not imported from: ‘dplyr’ ‘magrittr’ ‘psych’ ‘stringr’ All declared Imports should be used. Flavors: r-devel-linux-x86_64-fedora-clang, r-devel-linux-x86_64-fedora-gcc

These binaries (installable software) and packages are in development.
They may not be fully stable and should be used with caution. We make no claims about them.