Last updated on 2025-10-03 13:49:48 CEST.
Flavor | Version | Tinstall | Tcheck | Ttotal | Status | Flags |
---|---|---|---|---|---|---|
r-devel-linux-x86_64-debian-clang | 1.1.1 | 11.75 | 30.31 | 42.06 | NOTE | |
r-devel-linux-x86_64-debian-gcc | 1.1.1 | 8.04 | 22.97 | 31.01 | NOTE | |
r-devel-linux-x86_64-fedora-clang | 1.1.1 | 76.38 | OK | |||
r-devel-linux-x86_64-fedora-gcc | 1.1.1 | 64.03 | OK | |||
r-devel-windows-x86_64 | 1.1.1 | 16.00 | 70.00 | 86.00 | OK | |
r-patched-linux-x86_64 | 1.1.1 | 13.04 | 28.59 | 41.63 | OK | |
r-release-linux-x86_64 | 1.1.1 | 11.84 | 28.00 | 39.84 | OK | |
r-release-macos-arm64 | 1.1.1 | 28.00 | OK | |||
r-release-macos-x86_64 | 1.1.1 | 40.00 | OK | |||
r-release-windows-x86_64 | 1.1.1 | 15.00 | 67.00 | 82.00 | OK | |
r-oldrel-macos-arm64 | 1.1.1 | 24.00 | OK | |||
r-oldrel-macos-x86_64 | 1.1.1 | 35.00 | OK | |||
r-oldrel-windows-x86_64 | 1.1.1 | 19.00 | 83.00 | 102.00 | OK |
Version: 1.1.1
Check: CRAN incoming feasibility
Result: NOTE
Maintainer: ‘F Scott Dahlgren <fdahlgr@gmail.com>’
No Authors@R field in DESCRIPTION.
Please add one, modifying
Authors@R: c(person(given = c("F", "Scott"),
family = "Dahlgren",
role = c("aut", "cre"),
email = "fdahlgr@gmail.com"),
person(given = c("Ivo", "M"),
family = "Foppa",
role = "aut"))
as necessary.
Flavors: r-devel-linux-x86_64-debian-clang, r-devel-linux-x86_64-debian-gcc
These binaries (installable software) and packages are in development.
They may not be fully stable and should be used with caution. We make no claims about them.