Last updated on 2025-02-16 10:50:58 CET.
Flavor | Version | Tinstall | Tcheck | Ttotal | Status | Flags |
---|---|---|---|---|---|---|
r-devel-linux-x86_64-debian-clang | 0.2.4 | 38.86 | 64.40 | 103.26 | OK | |
r-devel-linux-x86_64-debian-gcc | 0.2.4 | 32.26 | 46.98 | 79.24 | OK | |
r-devel-linux-x86_64-fedora-clang | 0.2.4 | 177.00 | OK | |||
r-devel-linux-x86_64-fedora-gcc | 0.2.4 | 187.02 | OK | |||
r-devel-macos-arm64 | 0.2.4 | 48.00 | OK | |||
r-devel-macos-x86_64 | 0.2.4 | 84.00 | OK | |||
r-devel-windows-x86_64 | 0.2.4 | 46.00 | 103.00 | 149.00 | OK | |
r-patched-linux-x86_64 | 0.2.4 | 43.17 | 62.81 | 105.98 | OK | |
r-release-linux-x86_64 | 0.2.4 | 42.50 | 63.12 | 105.62 | OK | |
r-release-macos-arm64 | 0.2.4 | 50.00 | NOTE | |||
r-release-macos-x86_64 | 0.2.4 | 68.00 | NOTE | |||
r-release-windows-x86_64 | 0.2.4 | 39.00 | 96.00 | 135.00 | OK | |
r-oldrel-macos-arm64 | 0.2.4 | 52.00 | NOTE | |||
r-oldrel-macos-x86_64 | 0.2.4 | 71.00 | NOTE | |||
r-oldrel-windows-x86_64 | 0.2.4 | 50.00 | 118.00 | 168.00 | OK |
Version: 0.2.4
Check: installed package size
Result: NOTE
installed size is 15.5Mb
sub-directories of 1Mb or more:
libs 15.3Mb
Flavors: r-release-macos-arm64, r-release-macos-x86_64, r-oldrel-macos-arm64, r-oldrel-macos-x86_64
These binaries (installable software) and packages are in development.
They may not be fully stable and should be used with caution. We make no claims about them.