Last updated on 2025-07-22 07:49:53 CEST.
Flavor | Version | Tinstall | Tcheck | Ttotal | Status | Flags |
---|---|---|---|---|---|---|
r-devel-linux-x86_64-debian-clang | 0.2.4 | 41.45 | 71.49 | 112.94 | NOTE | |
r-devel-linux-x86_64-debian-gcc | 0.2.4 | 34.94 | 51.72 | 86.66 | NOTE | |
r-devel-linux-x86_64-fedora-clang | 0.2.4 | 179.59 | OK | |||
r-devel-linux-x86_64-fedora-gcc | 0.2.4 | 191.83 | OK | |||
r-devel-windows-x86_64 | 0.2.4 | 46.00 | 102.00 | 148.00 | OK | |
r-patched-linux-x86_64 | 0.2.4 | 43.08 | 68.72 | 111.80 | OK | |
r-release-linux-x86_64 | 0.2.4 | 42.97 | 69.01 | 111.98 | OK | |
r-release-macos-arm64 | 0.2.4 | 48.00 | OK | |||
r-release-macos-x86_64 | 0.2.4 | 84.00 | OK | |||
r-release-windows-x86_64 | 0.2.4 | 44.00 | 105.00 | 149.00 | OK | |
r-oldrel-macos-arm64 | 0.2.4 | 50.00 | NOTE | |||
r-oldrel-macos-x86_64 | 0.2.4 | 68.00 | NOTE | |||
r-oldrel-windows-x86_64 | 0.2.4 | 52.00 | 130.00 | 182.00 | OK |
Version: 0.2.4
Check: CRAN incoming feasibility
Result: NOTE
Maintainer: ‘Hanmo Li <hanmo@pstat.ucsb.edu>’
The Description field contains
Mengyang Gu (2023), <arXiv:2310.18611>.
Please refer to arXiv e-prints via their arXiv DOI <doi:10.48550/arXiv.YYMM.NNNNN>.
Flavors: r-devel-linux-x86_64-debian-clang, r-devel-linux-x86_64-debian-gcc
Version: 0.2.4
Check: installed package size
Result: NOTE
installed size is 15.5Mb
sub-directories of 1Mb or more:
libs 15.3Mb
Flavors: r-oldrel-macos-arm64, r-oldrel-macos-x86_64
These binaries (installable software) and packages are in development.
They may not be fully stable and should be used with caution. We make no claims about them.