CRAN Package Check Results for Package SKFCPD

Last updated on 2025-05-07 15:49:30 CEST.

Flavor Version Tinstall Tcheck Ttotal Status Flags
r-devel-linux-x86_64-debian-clang 0.2.4 42.05 71.61 113.66 NOTE
r-devel-linux-x86_64-debian-gcc 0.2.4 33.46 49.93 83.39 NOTE
r-devel-linux-x86_64-fedora-clang 0.2.4 171.13 OK
r-devel-linux-x86_64-fedora-gcc 0.2.4 203.79 OK
r-devel-windows-x86_64 0.2.4 47.00 100.00 147.00 OK
r-patched-linux-x86_64 0.2.4 43.51 69.83 113.34 OK
r-release-linux-x86_64 0.2.4 42.55 69.33 111.88 OK
r-release-macos-arm64 0.2.4 48.00 OK
r-release-macos-x86_64 0.2.4 84.00 OK
r-release-windows-x86_64 0.2.4 46.00 104.00 150.00 OK
r-oldrel-macos-arm64 0.2.4 50.00 NOTE
r-oldrel-macos-x86_64 0.2.4 68.00 NOTE
r-oldrel-windows-x86_64 0.2.4 54.00 130.00 184.00 OK

Check Details

Version: 0.2.4
Check: CRAN incoming feasibility
Result: NOTE Maintainer: ‘Hanmo Li <hanmo@pstat.ucsb.edu>’ The Description field contains Mengyang Gu (2023), <arXiv:2310.18611>. Please refer to arXiv e-prints via their arXiv DOI <doi:10.48550/arXiv.YYMM.NNNNN>. Flavors: r-devel-linux-x86_64-debian-clang, r-devel-linux-x86_64-debian-gcc

Version: 0.2.4
Check: installed package size
Result: NOTE installed size is 15.5Mb sub-directories of 1Mb or more: libs 15.3Mb Flavors: r-oldrel-macos-arm64, r-oldrel-macos-x86_64

These binaries (installable software) and packages are in development.
They may not be fully stable and should be used with caution. We make no claims about them.