Last updated on 2025-02-16 10:50:58 CET.
Flavor | Version | Tinstall | Tcheck | Ttotal | Status | Flags |
---|---|---|---|---|---|---|
r-devel-linux-x86_64-debian-clang | 0.0.4 | 45.45 | 207.82 | 253.27 | NOTE | |
r-devel-linux-x86_64-debian-gcc | 0.0.4 | 36.21 | 149.80 | 186.01 | NOTE | |
r-devel-linux-x86_64-fedora-clang | 0.0.4 | 430.53 | NOTE | |||
r-devel-linux-x86_64-fedora-gcc | 0.0.4 | 393.46 | NOTE | |||
r-devel-macos-arm64 | 0.0.4 | 146.00 | NOTE | |||
r-devel-macos-x86_64 | 0.0.4 | 202.00 | NOTE | |||
r-devel-windows-x86_64 | 0.0.4 | 44.00 | 201.00 | 245.00 | NOTE | |
r-patched-linux-x86_64 | 0.0.4 | 44.85 | 192.71 | 237.56 | NOTE | |
r-release-linux-x86_64 | 0.0.4 | 40.45 | 195.72 | 236.17 | NOTE | |
r-release-macos-arm64 | 0.0.4 | 138.00 | NOTE | |||
r-release-macos-x86_64 | 0.0.4 | 185.00 | NOTE | |||
r-release-windows-x86_64 | 0.0.4 | 43.00 | 199.00 | 242.00 | NOTE | |
r-oldrel-macos-arm64 | 0.0.4 | 120.00 | NOTE | |||
r-oldrel-macos-x86_64 | 0.0.4 | 196.00 | NOTE | |||
r-oldrel-windows-x86_64 | 0.0.4 | 59.00 | 245.00 | 304.00 | NOTE |
Version: 0.0.4
Check: Rd files
Result: NOTE
checkRd: (-1) outliers.hdts.Rd:44: Lost braces; missing escapes or markup?
44 | \item I.cov.rob - The matrix (V'GnV)^{-1} used to compute the statistics to detect the idiosyncratic outliers.
| ^
Flavors: r-devel-linux-x86_64-debian-clang, r-devel-linux-x86_64-debian-gcc, r-devel-linux-x86_64-fedora-clang, r-devel-linux-x86_64-fedora-gcc, r-devel-macos-arm64, r-devel-macos-x86_64, r-devel-windows-x86_64, r-patched-linux-x86_64, r-release-linux-x86_64, r-release-macos-arm64, r-release-macos-x86_64, r-release-windows-x86_64
Version: 0.0.4
Check: installed package size
Result: NOTE
installed size is 5.6Mb
sub-directories of 1Mb or more:
data 5.1Mb
Flavors: r-release-macos-arm64, r-release-macos-x86_64, r-release-windows-x86_64, r-oldrel-macos-arm64, r-oldrel-macos-x86_64, r-oldrel-windows-x86_64
These binaries (installable software) and packages are in development.
They may not be fully stable and should be used with caution. We make no claims about them.