Last updated on 2025-02-16 10:50:59 CET.
Flavor | Version | Tinstall | Tcheck | Ttotal | Status | Flags |
---|---|---|---|---|---|---|
r-devel-linux-x86_64-debian-clang | 0.5.2 | 122.28 | 126.69 | 248.97 | OK | |
r-devel-linux-x86_64-debian-gcc | 0.5.2 | 85.71 | 93.65 | 179.36 | OK | |
r-devel-linux-x86_64-fedora-clang | 0.5.2 | 494.67 | OK | |||
r-devel-linux-x86_64-fedora-gcc | 0.5.2 | 490.01 | OK | |||
r-devel-macos-arm64 | 0.5.2 | 93.00 | OK | |||
r-devel-macos-x86_64 | 0.5.2 | 216.00 | OK | |||
r-devel-windows-x86_64 | 0.5.2 | 123.00 | 200.00 | 323.00 | OK | |
r-patched-linux-x86_64 | 0.5.2 | 110.49 | 123.82 | 234.31 | OK | |
r-release-linux-x86_64 | 0.5.2 | 114.74 | 122.76 | 237.50 | OK | |
r-release-macos-arm64 | 0.5.2 | 123.00 | NOTE | |||
r-release-macos-x86_64 | 0.5.2 | 203.00 | NOTE | |||
r-release-windows-x86_64 | 0.5.2 | 119.00 | 197.00 | 316.00 | OK | |
r-oldrel-macos-arm64 | 0.5.1 | 157.00 | NOTE | |||
r-oldrel-macos-x86_64 | 0.5.2 | 196.00 | NOTE | |||
r-oldrel-windows-x86_64 | 0.5.2 | 149.00 | 247.00 | 396.00 | OK |
Version: 0.5.2
Check: installed package size
Result: NOTE
installed size is 9.1Mb
sub-directories of 1Mb or more:
libs 8.6Mb
Flavors: r-release-macos-arm64, r-release-macos-x86_64, r-oldrel-macos-x86_64
Version: 0.5.1
Check: installed package size
Result: NOTE
installed size is 8.9Mb
sub-directories of 1Mb or more:
libs 8.4Mb
Flavor: r-oldrel-macos-arm64
These binaries (installable software) and packages are in development.
They may not be fully stable and should be used with caution. We make no claims about them.