Last updated on 2025-07-10 03:52:30 CEST.
Flavor | Version | Tinstall | Tcheck | Ttotal | Status | Flags |
---|---|---|---|---|---|---|
r-devel-linux-x86_64-debian-clang | 1.0.1 | 200.15 | 112.82 | 312.97 | OK | |
r-devel-linux-x86_64-debian-gcc | 1.0.1 | 145.86 | 85.70 | 231.56 | OK | |
r-devel-linux-x86_64-fedora-clang | 1.0.1 | 465.79 | OK | |||
r-devel-linux-x86_64-fedora-gcc | 1.0.1 | 566.62 | OK | |||
r-devel-windows-x86_64 | 1.0.1 | 178.00 | 165.00 | 343.00 | OK | |
r-patched-linux-x86_64 | 1.0.1 | 202.77 | 114.90 | 317.67 | OK | |
r-release-linux-x86_64 | 0.5.2 | 117.57 | 125.66 | 243.23 | OK | |
r-release-macos-arm64 | 0.5.2 | 122.00 | OK | |||
r-release-macos-x86_64 | 1.0.1 | 269.00 | OK | |||
r-release-windows-x86_64 | 1.0.1 | 204.00 | 156.00 | 360.00 | OK | |
r-oldrel-macos-arm64 | 0.5.2 | 123.00 | NOTE | |||
r-oldrel-macos-x86_64 | 1.0.1 | 277.00 | NOTE | |||
r-oldrel-windows-x86_64 | 1.0.1 | 237.00 | 197.00 | 434.00 | OK |
Version: 0.5.2
Check: installed package size
Result: NOTE
installed size is 9.1Mb
sub-directories of 1Mb or more:
libs 8.6Mb
Flavor: r-oldrel-macos-arm64
Version: 1.0.1
Check: installed package size
Result: NOTE
installed size is 36.5Mb
sub-directories of 1Mb or more:
libs 35.8Mb
Flavor: r-oldrel-macos-x86_64
These binaries (installable software) and packages are in development.
They may not be fully stable and should be used with caution. We make no claims about them.