Last updated on 2025-10-03 01:50:03 CEST.
Flavor | Version | Tinstall | Tcheck | Ttotal | Status | Flags |
---|---|---|---|---|---|---|
r-devel-linux-x86_64-debian-clang | 1.0.1 | 204.76 | 121.00 | 325.76 | OK | |
r-devel-linux-x86_64-debian-gcc | 1.0.1 | 143.92 | 92.00 | 235.92 | OK | |
r-devel-linux-x86_64-fedora-clang | 1.0.1 | 583.04 | OK | |||
r-devel-linux-x86_64-fedora-gcc | 1.0.1 | 576.20 | OK | |||
r-devel-windows-x86_64 | 1.0.1 | 211.00 | 155.00 | 366.00 | OK | |
r-patched-linux-x86_64 | 1.0.1 | 200.29 | 123.98 | 324.27 | OK | |
r-release-linux-x86_64 | 1.0.1 | 199.39 | 123.66 | 323.05 | OK | |
r-release-macos-arm64 | 1.0.1 | 151.00 | OK | |||
r-release-macos-x86_64 | 1.0.1 | 269.00 | OK | |||
r-release-windows-x86_64 | 1.0.1 | 206.00 | 151.00 | 357.00 | OK | |
r-oldrel-macos-arm64 | 1.0.1 | 150.00 | NOTE | |||
r-oldrel-macos-x86_64 | 1.0.1 | 277.00 | NOTE | |||
r-oldrel-windows-x86_64 | 1.0.1 | 237.00 | 200.00 | 437.00 | OK |
Version: 1.0.1
Check: installed package size
Result: NOTE
installed size is 35.6Mb
sub-directories of 1Mb or more:
libs 35.1Mb
Flavors: r-oldrel-macos-arm64, r-oldrel-macos-x86_64
These binaries (installable software) and packages are in development.
They may not be fully stable and should be used with caution. We make no claims about them.