Last updated on 2025-05-01 08:52:46 CEST.
Flavor | Version | Tinstall | Tcheck | Ttotal | Status | Flags |
---|---|---|---|---|---|---|
r-devel-linux-x86_64-debian-clang | 0.5.2 | 122.84 | 130.58 | 253.42 | OK | |
r-devel-linux-x86_64-debian-gcc | 0.5.2 | 85.87 | 96.37 | 182.24 | OK | |
r-devel-linux-x86_64-fedora-clang | 0.5.2 | 463.13 | OK | |||
r-devel-linux-x86_64-fedora-gcc | 0.5.2 | 462.56 | OK | |||
r-devel-windows-x86_64 | 0.5.2 | 134.00 | 194.00 | 328.00 | OK | |
r-patched-linux-x86_64 | 0.5.2 | 116.10 | 125.84 | 241.94 | OK | |
r-release-linux-x86_64 | OK | |||||
r-release-macos-arm64 | 0.5.2 | 122.00 | OK | |||
r-release-macos-x86_64 | 0.5.2 | 181.00 | OK | |||
r-release-windows-x86_64 | 0.5.2 | 135.00 | 194.00 | 329.00 | OK | |
r-oldrel-macos-arm64 | 0.5.2 | 123.00 | NOTE | |||
r-oldrel-macos-x86_64 | 0.5.2 | 203.00 | NOTE | |||
r-oldrel-windows-x86_64 | 0.5.2 | 151.00 | 237.00 | 388.00 | OK |
Version: 0.5.2
Check: installed package size
Result: NOTE
installed size is 9.1Mb
sub-directories of 1Mb or more:
libs 8.6Mb
Flavors: r-oldrel-macos-arm64, r-oldrel-macos-x86_64
These binaries (installable software) and packages are in development.
They may not be fully stable and should be used with caution. We make no claims about them.