CRAN Package Check Results for Package SLTCA

Last updated on 2025-05-01 08:52:46 CEST.

Flavor Version Tinstall Tcheck Ttotal Status Flags
r-devel-linux-x86_64-debian-clang 0.1.0 3.79 35.29 39.08 NOTE
r-devel-linux-x86_64-debian-gcc 0.1.0 2.27 25.27 27.54 OK
r-devel-linux-x86_64-fedora-clang 0.1.0 62.18 OK
r-devel-linux-x86_64-fedora-gcc 0.1.0 57.51 OK
r-devel-windows-x86_64 0.1.0 4.00 51.00 55.00 OK
r-patched-linux-x86_64 0.1.0 3.35 33.02 36.37 OK
r-release-linux-x86_64 OK
r-release-macos-arm64 0.1.0 20.00 OK
r-release-macos-x86_64 0.1.0 40.00 OK
r-release-windows-x86_64 0.1.0 5.00 52.00 57.00 OK
r-oldrel-macos-arm64 0.1.0 22.00 NOTE
r-oldrel-macos-x86_64 0.1.0 34.00 NOTE
r-oldrel-windows-x86_64 0.1.0 6.00 58.00 64.00 NOTE

Check Details

Version: 0.1.0
Check: examples
Result: NOTE Examples with CPU (user + system) or elapsed time > 5s user system elapsed SLTCA 6.728 0.371 9.093 Flavor: r-devel-linux-x86_64-debian-clang

Version: 0.1.0
Check: examples
Result: NA user system elapsed SLTCA 4.168 0.355 5.611 OK Flavor: r-devel-linux-x86_64-debian-gcc

Version: 0.1.0
Check: LazyData
Result: NOTE 'LazyData' is specified without a 'data' directory Flavors: r-oldrel-macos-arm64, r-oldrel-macos-x86_64, r-oldrel-windows-x86_64

These binaries (installable software) and packages are in development.
They may not be fully stable and should be used with caution. We make no claims about them.