Last updated on 2025-10-23 19:50:32 CEST.
Flavor | Version | Tinstall | Tcheck | Ttotal | Status | Flags |
---|---|---|---|---|---|---|
r-devel-linux-x86_64-debian-clang | 0.3-4 | 578.92 | 153.00 | 731.92 | NOTE | |
r-devel-linux-x86_64-debian-gcc | 0.3-4 | 344.96 | 101.04 | 446.00 | OK | |
r-devel-linux-x86_64-fedora-clang | 0.3-4 | 1080.00 | 475.64 | 1555.64 | OK | |
r-devel-linux-x86_64-fedora-gcc | 0.3-4 | 780.00 | 480.17 | 1260.17 | OK | |
r-devel-windows-x86_64 | 0.3-4 | 645.00 | 257.00 | 902.00 | OK | |
r-patched-linux-x86_64 | 0.3-4 | 601.62 | 140.32 | 741.94 | OK | |
r-release-linux-x86_64 | 0.3-4 | 565.42 | 140.74 | 706.16 | OK | |
r-release-macos-arm64 | 0.3-4 | 154.00 | 63.00 | 217.00 | OK | |
r-release-macos-x86_64 | 0.3-4 | 94.00 | 140.00 | 234.00 | OK | |
r-release-windows-x86_64 | 0.3-4 | 659.00 | 255.00 | 914.00 | OK | |
r-oldrel-macos-arm64 | 0.3-4 | 145.00 | 72.00 | 217.00 | NOTE | |
r-oldrel-macos-x86_64 | 0.3-4 | 93.00 | 162.00 | 255.00 | NOTE | |
r-oldrel-windows-x86_64 | 0.3-4 | 728.00 | 301.00 | 1029.00 | OK |
Version: 0.3-4
Check: HTML version of manual
Result: NOTE
Found the following HTML validation problems:
tools_auc.xy.numeric.html:59:1 (tools_auc.xy.numeric.Rd:16): Warning: missing </ul> before </div>
Flavor: r-devel-linux-x86_64-debian-clang
Version: 0.3-4
Check: installed package size
Result: NOTE
installed size is 17.5Mb
sub-directories of 1Mb or more:
help 2.4Mb
libs 14.0Mb
Flavors: r-oldrel-macos-arm64, r-oldrel-macos-x86_64
These binaries (installable software) and packages are in development.
They may not be fully stable and should be used with caution. We make no claims about them.