Last updated on 2025-07-02 01:51:51 CEST.
Flavor | Version | Tinstall | Tcheck | Ttotal | Status | Flags |
---|---|---|---|---|---|---|
r-devel-linux-x86_64-debian-clang | 0.3-4 | 574.90 | 142.17 | 717.07 | OK | |
r-devel-linux-x86_64-debian-gcc | 0.3-4 | 399.16 | 95.49 | 494.65 | OK | |
r-devel-linux-x86_64-fedora-clang | 0.3-4 | 1456.80 | OK | |||
r-devel-linux-x86_64-fedora-gcc | 0.3-4 | 1376.90 | OK | |||
r-devel-windows-x86_64 | 0.3-4 | 654.00 | 259.00 | 913.00 | OK | |
r-patched-linux-x86_64 | OK | |||||
r-release-linux-x86_64 | 0.3-4 | 553.19 | 129.44 | 682.63 | OK | |
r-release-macos-arm64 | 0.3-4 | 217.00 | OK | |||
r-release-macos-x86_64 | 0.3-4 | 234.00 | OK | |||
r-release-windows-x86_64 | 0.3-4 | 657.00 | 258.00 | 915.00 | OK | |
r-oldrel-macos-arm64 | 0.3-4 | 217.00 | NOTE | |||
r-oldrel-macos-x86_64 | 0.3-4 | 255.00 | NOTE | |||
r-oldrel-windows-x86_64 | 0.3-4 | 616.00 | 290.00 | 906.00 | OK |
Version: 0.3-4
Check: installed package size
Result: NOTE
installed size is 17.5Mb
sub-directories of 1Mb or more:
help 2.4Mb
libs 14.0Mb
Flavors: r-oldrel-macos-arm64, r-oldrel-macos-x86_64
These binaries (installable software) and packages are in development.
They may not be fully stable and should be used with caution. We make no claims about them.