Last updated on 2025-02-16 10:50:59 CET.
Flavor | Version | Tinstall | Tcheck | Ttotal | Status | Flags |
---|---|---|---|---|---|---|
r-devel-linux-x86_64-debian-clang | 0.0-3 | 1.55 | 19.08 | 20.63 | NOTE | |
r-devel-linux-x86_64-debian-gcc | 0.0-3 | 1.25 | 15.66 | 16.91 | NOTE | |
r-devel-linux-x86_64-fedora-clang | 0.0-3 | 33.82 | NOTE | |||
r-devel-linux-x86_64-fedora-gcc | 0.0-3 | 31.66 | NOTE | |||
r-devel-macos-arm64 | 0.0-3 | 16.00 | NOTE | |||
r-devel-macos-x86_64 | 0.0-3 | 23.00 | NOTE | |||
r-devel-windows-x86_64 | 0.0-3 | 3.00 | 39.00 | 42.00 | NOTE | |
r-patched-linux-x86_64 | 0.0-3 | 1.72 | 18.38 | 20.10 | NOTE | |
r-release-linux-x86_64 | 0.0-3 | 1.39 | 18.44 | 19.83 | NOTE | |
r-release-macos-arm64 | 0.0-3 | 16.00 | NOTE | |||
r-release-macos-x86_64 | 0.0-3 | 22.00 | NOTE | |||
r-release-windows-x86_64 | 0.0-3 | 3.00 | 39.00 | 42.00 | NOTE | |
r-oldrel-macos-arm64 | 0.0-3 | 18.00 | NOTE | |||
r-oldrel-macos-x86_64 | 0.0-3 | 20.00 | NOTE | |||
r-oldrel-windows-x86_64 | 0.0-3 | 2.00 | 39.00 | 41.00 | NOTE |
Version: 0.0-3
Check: DESCRIPTION meta-information
Result: NOTE
Malformed Title field: should not end in a period.
Flavors: r-devel-linux-x86_64-debian-clang, r-devel-linux-x86_64-debian-gcc, r-devel-linux-x86_64-fedora-clang, r-devel-linux-x86_64-fedora-gcc, r-devel-macos-arm64, r-devel-macos-x86_64, r-devel-windows-x86_64, r-patched-linux-x86_64, r-release-linux-x86_64, r-release-macos-arm64, r-release-macos-x86_64, r-release-windows-x86_64, r-oldrel-macos-arm64, r-oldrel-macos-x86_64, r-oldrel-windows-x86_64
Version: 0.0-3
Check: Rd files
Result: NOTE
checkRd: (-1) customerRetentionDemographics.Rd:10: Escaped LaTeX specials: \$
checkRd: (-1) customerRetentionDemographics.Rd:11: Escaped LaTeX specials: \$ \$
checkRd: (-1) customerRetentionDemographics.Rd:12: Escaped LaTeX specials: \$ \$
checkRd: (-1) customerRetentionDemographics.Rd:13: Escaped LaTeX specials: \$ \$
checkRd: (-1) customerRetentionDemographics.Rd:14: Escaped LaTeX specials: \$ \$
checkRd: (-1) customerRetentionDemographics.Rd:15: Escaped LaTeX specials: \$
Flavors: r-devel-linux-x86_64-debian-clang, r-devel-linux-x86_64-debian-gcc, r-devel-linux-x86_64-fedora-clang, r-devel-linux-x86_64-fedora-gcc, r-devel-macos-arm64, r-devel-macos-x86_64, r-devel-windows-x86_64, r-patched-linux-x86_64, r-release-linux-x86_64, r-release-macos-arm64, r-release-macos-x86_64, r-release-windows-x86_64, r-oldrel-macos-arm64, r-oldrel-macos-x86_64, r-oldrel-windows-x86_64
These binaries (installable software) and packages are in development.
They may not be fully stable and should be used with caution. We make no claims about them.