CRAN Package Check Results for Package SMFilter

Last updated on 2025-05-03 22:50:10 CEST.

Flavor Version Tinstall Tcheck Ttotal Status Flags
r-devel-linux-x86_64-debian-clang 1.0.3 2.45 40.94 43.39 NOTE
r-devel-linux-x86_64-debian-gcc 1.0.3 1.88 29.09 30.97 NOTE
r-devel-linux-x86_64-fedora-clang 1.0.3 72.81 NOTE
r-devel-linux-x86_64-fedora-gcc 1.0.3 84.86 NOTE
r-devel-windows-x86_64 1.0.3 3.00 60.00 63.00 NOTE
r-patched-linux-x86_64 1.0.3 2.93 39.69 42.62 NOTE
r-release-linux-x86_64 NOTE
r-release-macos-arm64 1.0.3 34.00 NOTE
r-release-macos-x86_64 1.0.3 62.00 NOTE
r-release-windows-x86_64 1.0.3 4.00 60.00 64.00 NOTE
r-oldrel-macos-arm64 1.0.3 29.00 NOTE
r-oldrel-macos-x86_64 1.0.3 45.00 NOTE
r-oldrel-windows-x86_64 1.0.3 3.00 68.00 71.00 NOTE

Check Details

Version: 1.0.3
Check: Rd files
Result: NOTE checkRd: (-1) SimModel1.Rd:21: Lost braces; missing escapes or markup? 21 | \item{beta}{the \eqn{\beta} matrix, iqx+ip*ik, y_{1,t-1},y_{1,t-2},...,y_{2,t-1},y_{2,t-2},...} | ^ checkRd: (-1) SimModel1.Rd:21: Lost braces; missing escapes or markup? 21 | \item{beta}{the \eqn{\beta} matrix, iqx+ip*ik, y_{1,t-1},y_{1,t-2},...,y_{2,t-1},y_{2,t-2},...} | ^ checkRd: (-1) SimModel1.Rd:21: Lost braces; missing escapes or markup? 21 | \item{beta}{the \eqn{\beta} matrix, iqx+ip*ik, y_{1,t-1},y_{1,t-2},...,y_{2,t-1},y_{2,t-2},...} | ^ checkRd: (-1) SimModel1.Rd:21: Lost braces; missing escapes or markup? 21 | \item{beta}{the \eqn{\beta} matrix, iqx+ip*ik, y_{1,t-1},y_{1,t-2},...,y_{2,t-1},y_{2,t-2},...} | ^ checkRd: (-1) SimModel2.Rd:19: Lost braces; missing escapes or markup? 19 | \item{beta_0}{the initial beta, iqx+ip*ik, y_{1,t-1},y_{1,t-2},...,y_{2,t-1},y_{2,t-2},....} | ^ checkRd: (-1) SimModel2.Rd:19: Lost braces; missing escapes or markup? 19 | \item{beta_0}{the initial beta, iqx+ip*ik, y_{1,t-1},y_{1,t-2},...,y_{2,t-1},y_{2,t-2},....} | ^ checkRd: (-1) SimModel2.Rd:19: Lost braces; missing escapes or markup? 19 | \item{beta_0}{the initial beta, iqx+ip*ik, y_{1,t-1},y_{1,t-2},...,y_{2,t-1},y_{2,t-2},....} | ^ checkRd: (-1) SimModel2.Rd:19: Lost braces; missing escapes or markup? 19 | \item{beta_0}{the initial beta, iqx+ip*ik, y_{1,t-1},y_{1,t-2},...,y_{2,t-1},y_{2,t-2},....} | ^ Flavors: r-devel-linux-x86_64-debian-clang, r-devel-linux-x86_64-debian-gcc, r-devel-linux-x86_64-fedora-clang, r-devel-linux-x86_64-fedora-gcc, r-devel-windows-x86_64, r-patched-linux-x86_64, r-release-linux-x86_64, r-release-macos-arm64, r-release-macos-x86_64, r-release-windows-x86_64, r-oldrel-macos-arm64, r-oldrel-macos-x86_64, r-oldrel-windows-x86_64

Version: 1.0.3
Check: LazyData
Result: NOTE 'LazyData' is specified without a 'data' directory Flavors: r-oldrel-macos-arm64, r-oldrel-macos-x86_64, r-oldrel-windows-x86_64

These binaries (installable software) and packages are in development.
They may not be fully stable and should be used with caution. We make no claims about them.