Last updated on 2025-11-13 19:50:39 CET.
| Flavor | Version | Tinstall | Tcheck | Ttotal | Status | Flags |
|---|---|---|---|---|---|---|
| r-devel-linux-x86_64-debian-clang | 0.0.5 | 20.26 | 164.44 | 184.70 | OK | |
| r-devel-linux-x86_64-debian-gcc | 0.0.5 | 15.47 | 119.30 | 134.77 | OK | |
| r-devel-linux-x86_64-fedora-clang | 0.0.5 | 144.00 | 165.53 | 309.53 | OK | |
| r-devel-linux-x86_64-fedora-gcc | 0.0.5 | 43.00 | 230.29 | 273.29 | OK | |
| r-devel-windows-x86_64 | 0.0.5 | 22.00 | 145.00 | 167.00 | OK | |
| r-patched-linux-x86_64 | 0.0.5 | 18.69 | 156.49 | 175.18 | OK | |
| r-release-linux-x86_64 | 0.0.5 | 20.25 | 157.16 | 177.41 | OK | |
| r-release-macos-arm64 | 0.0.5 | 9.00 | 55.00 | 64.00 | OK | |
| r-release-macos-x86_64 | 0.0.5 | 21.00 | 109.00 | 130.00 | OK | |
| r-release-windows-x86_64 | 0.0.5 | 21.00 | 141.00 | 162.00 | OK | |
| r-oldrel-macos-arm64 | 0.0.5 | 9.00 | 57.00 | 66.00 | NOTE | |
| r-oldrel-macos-x86_64 | 0.0.5 | 15.00 | 90.00 | 105.00 | NOTE | |
| r-oldrel-windows-x86_64 | 0.0.5 | 28.00 | 196.00 | 224.00 | NOTE |
Version: 0.0.5
Check: LazyData
Result: NOTE
'LazyData' is specified without a 'data' directory
Flavors: r-oldrel-macos-arm64, r-oldrel-macos-x86_64, r-oldrel-windows-x86_64
These binaries (installable software) and packages are in development.
They may not be fully stable and should be used with caution. We make no claims about them.