CRAN Package Check Results for Package SMITIDstruct

Last updated on 2025-10-23 19:50:32 CEST.

Flavor Version Tinstall Tcheck Ttotal Status Flags
r-devel-linux-x86_64-debian-clang 0.0.5 20.47 167.48 187.95 NOTE
r-devel-linux-x86_64-debian-gcc 0.0.5 15.18 118.91 134.09 OK
r-devel-linux-x86_64-fedora-clang 0.0.5 76.00 236.08 312.08 OK
r-devel-linux-x86_64-fedora-gcc 0.0.5 43.00 232.50 275.50 OK
r-devel-windows-x86_64 0.0.5 21.00 147.00 168.00 OK
r-patched-linux-x86_64 0.0.5 19.56 155.65 175.21 OK
r-release-linux-x86_64 0.0.5 17.81 159.69 177.50 OK
r-release-macos-arm64 0.0.5 9.00 55.00 64.00 OK
r-release-macos-x86_64 0.0.5 21.00 109.00 130.00 OK
r-release-windows-x86_64 0.0.5 21.00 145.00 166.00 OK
r-oldrel-macos-arm64 0.0.5 9.00 57.00 66.00 NOTE
r-oldrel-macos-x86_64 0.0.5 15.00 90.00 105.00 NOTE
r-oldrel-windows-x86_64 0.0.5 29.00 191.00 220.00 NOTE

Check Details

Version: 0.0.5
Check: HTML version of manual
Result: NOTE Found the following HTML validation problems: createAViralPop.html:71:1 (createAViralPop.Rd:23): Warning: missing </ul> before </div> plotDiversity.pDistance.html:50:1 (plotDiversity.pDistance.Rd:12): Warning: missing </ul> before </div> plotDiversity.sfs.html:50:1 (plotDiversity.sfs.Rd:12): Warning: missing </ul> before </div> Flavor: r-devel-linux-x86_64-debian-clang

Version: 0.0.5
Check: LazyData
Result: NOTE 'LazyData' is specified without a 'data' directory Flavors: r-oldrel-macos-arm64, r-oldrel-macos-x86_64, r-oldrel-windows-x86_64

These binaries (installable software) and packages are in development.
They may not be fully stable and should be used with caution. We make no claims about them.