CRAN Package Check Results for Package SMITIDvisu

Last updated on 2025-05-08 04:52:19 CEST.

Flavor Version Tinstall Tcheck Ttotal Status Flags
r-devel-linux-x86_64-debian-clang 0.0.9 11.26 34.20 45.46 NOTE
r-devel-linux-x86_64-debian-gcc 0.0.9 7.45 26.62 34.07 NOTE
r-devel-linux-x86_64-fedora-clang 0.0.9 78.77 NOTE
r-devel-linux-x86_64-fedora-gcc 0.0.9 74.26 NOTE
r-devel-windows-x86_64 0.0.9 16.00 75.00 91.00 NOTE
r-patched-linux-x86_64 0.0.9 11.31 32.81 44.12 NOTE
r-release-linux-x86_64 0.0.9 9.87 33.14 43.01 NOTE
r-release-macos-arm64 0.0.9 26.00 NOTE
r-release-macos-x86_64 0.0.9 46.00 NOTE
r-release-windows-x86_64 0.0.9 17.00 77.00 94.00 NOTE
r-oldrel-macos-arm64 0.0.9 28.00 NOTE
r-oldrel-macos-x86_64 0.0.9 41.00 NOTE
r-oldrel-windows-x86_64 0.0.9 18.00 87.00 105.00 NOTE

Check Details

Version: 0.0.9
Check: C++ specification
Result: NOTE Specified C++11: please drop specification unless essential Flavors: r-devel-linux-x86_64-debian-clang, r-devel-linux-x86_64-debian-gcc, r-devel-linux-x86_64-fedora-clang, r-devel-linux-x86_64-fedora-gcc, r-devel-windows-x86_64, r-patched-linux-x86_64, r-release-linux-x86_64, r-release-macos-arm64, r-release-macos-x86_64, r-release-windows-x86_64, r-oldrel-macos-arm64, r-oldrel-macos-x86_64, r-oldrel-windows-x86_64

These binaries (installable software) and packages are in development.
They may not be fully stable and should be used with caution. We make no claims about them.