Last updated on 2025-11-13 21:50:09 CET.
| Flavor | Version | Tinstall | Tcheck | Ttotal | Status | Flags |
|---|---|---|---|---|---|---|
| r-devel-linux-x86_64-debian-clang | 0.0.9 | 11.54 | 36.09 | 47.63 | NOTE | |
| r-devel-linux-x86_64-debian-gcc | 0.0.9 | 7.76 | 28.04 | 35.80 | NOTE | |
| r-devel-linux-x86_64-fedora-clang | 0.0.9 | 28.00 | 48.08 | 76.08 | NOTE | |
| r-devel-linux-x86_64-fedora-gcc | 0.0.9 | 23.00 | 49.13 | 72.13 | NOTE | |
| r-devel-windows-x86_64 | 0.0.9 | 19.00 | 78.00 | 97.00 | NOTE | |
| r-patched-linux-x86_64 | 0.0.9 | 10.78 | 34.43 | 45.21 | NOTE | |
| r-release-linux-x86_64 | 0.0.9 | 9.12 | 34.40 | 43.52 | NOTE | |
| r-release-macos-arm64 | 0.0.9 | 5.00 | 21.00 | 26.00 | NOTE | |
| r-release-macos-x86_64 | 0.0.9 | 12.00 | 34.00 | 46.00 | NOTE | |
| r-release-windows-x86_64 | 0.0.9 | 17.00 | 70.00 | 87.00 | NOTE | |
| r-oldrel-macos-arm64 | 0.0.9 | 7.00 | 21.00 | 28.00 | NOTE | |
| r-oldrel-macos-x86_64 | 0.0.9 | 10.00 | 31.00 | 41.00 | NOTE | |
| r-oldrel-windows-x86_64 | 0.0.9 | 19.00 | 89.00 | 108.00 | NOTE |
Version: 0.0.9
Check: C++ specification
Result: NOTE
Specified C++11: please drop specification unless essential
Flavors: r-devel-linux-x86_64-debian-clang, r-devel-linux-x86_64-debian-gcc, r-devel-linux-x86_64-fedora-clang, r-devel-linux-x86_64-fedora-gcc, r-devel-windows-x86_64, r-patched-linux-x86_64, r-release-linux-x86_64, r-release-macos-arm64, r-release-macos-x86_64, r-release-windows-x86_64, r-oldrel-macos-arm64, r-oldrel-macos-x86_64, r-oldrel-windows-x86_64
These binaries (installable software) and packages are in development.
They may not be fully stable and should be used with caution. We make no claims about them.