CRAN Package Check Results for Package SMUT

Last updated on 2025-07-02 03:50:53 CEST.

Flavor Version Tinstall Tcheck Ttotal Status Flags
r-devel-linux-x86_64-debian-clang 1.1 23.51 67.99 91.50 NOTE
r-devel-linux-x86_64-debian-gcc 1.1 17.07 51.26 68.33 NOTE
r-devel-linux-x86_64-fedora-clang 1.1 150.65 OK
r-devel-linux-x86_64-fedora-gcc 1.1 140.99 OK
r-devel-windows-x86_64 1.1 27.00 100.00 127.00 OK
r-patched-linux-x86_64 OK
r-release-linux-x86_64 1.1 22.27 66.17 88.44 OK
r-release-macos-arm64 1.1 45.00 OK
r-release-macos-x86_64 1.1 86.00 OK
r-release-windows-x86_64 1.1 30.00 106.00 136.00 OK
r-oldrel-macos-arm64 1.1 42.00 OK
r-oldrel-macos-x86_64 1.1 61.00 OK
r-oldrel-windows-x86_64 1.1 33.00 127.00 160.00 OK

Check Details

Version: 1.1
Check: CRAN incoming feasibility
Result: NOTE Maintainer: ‘Wujuan Zhong <zhongwujuan@gmail.com>’ No Authors@R field in DESCRIPTION. Please add one, modifying Authors@R: person(given = "Wujuan", family = "Zhong", role = c("aut", "cre"), email = "zhongwujuan@gmail.com") as necessary. Flavors: r-devel-linux-x86_64-debian-clang, r-devel-linux-x86_64-debian-gcc

These binaries (installable software) and packages are in development.
They may not be fully stable and should be used with caution. We make no claims about them.