Last updated on 2025-05-01 17:56:17 CEST.
Flavor | Version | Tinstall | Tcheck | Ttotal | Status | Flags |
---|---|---|---|---|---|---|
r-devel-linux-x86_64-debian-clang | 2.3.1 | 2.28 | 35.45 | 37.73 | NOTE | |
r-devel-linux-x86_64-debian-gcc | 2.3.1 | 1.86 | 29.17 | 31.03 | NOTE | |
r-devel-linux-x86_64-fedora-clang | 2.3.1 | 62.33 | OK | |||
r-devel-linux-x86_64-fedora-gcc | 2.3.1 | 66.51 | OK | |||
r-devel-windows-x86_64 | 2.3.1 | 3.00 | 63.00 | 66.00 | OK | |
r-patched-linux-x86_64 | 2.3.1 | 2.82 | 39.75 | 42.57 | OK | |
r-release-linux-x86_64 | OK | |||||
r-release-macos-arm64 | 2.3.1 | 27.00 | OK | |||
r-release-macos-x86_64 | 2.3.1 | 46.00 | OK | |||
r-release-windows-x86_64 | 2.3.1 | 5.00 | 65.00 | 70.00 | OK | |
r-oldrel-macos-arm64 | 2.3.1 | 26.00 | OK | |||
r-oldrel-macos-x86_64 | 2.3.1 | 57.00 | OK | |||
r-oldrel-windows-x86_64 | 2.3.1 | 4.00 | 78.00 | 82.00 | OK |
Version: 2.3.1
Check: CRAN incoming feasibility
Result: NOTE
Maintainer: ‘Benjamin Brew <goldenberglab@gmail.com>’
No Authors@R field in DESCRIPTION.
Please add one, modifying
Authors@R: c(person(given = "Bo",
family = "Wang",
role = "aut"),
person(given = "Aziz",
family = "Mezlini",
role = "aut"),
person(given = "Feyyaz",
family = "Demir",
role = "aut"),
person(given = "Marc",
family = "Fiume",
role = "aut"),
person(given = "Zhuowen",
family = "Tu",
role = "aut"),
person(given = "Michael",
family = "Brudno",
role = "aut"),
person(given = "Benjamin",
family = "Haibe-Kains",
role = "aut"),
person(given = "Anna",
family = "Goldenberg",
role = "aut"),
person(given = "Benjamin",
family = "Brew",
role = "cre",
email = "goldenberglab@gmail.com"))
as necessary.
Flavors: r-devel-linux-x86_64-debian-clang, r-devel-linux-x86_64-debian-gcc
These binaries (installable software) and packages are in development.
They may not be fully stable and should be used with caution. We make no claims about them.