Last updated on 2025-10-23 11:50:29 CEST.
Flavor | Version | Tinstall | Tcheck | Ttotal | Status | Flags |
---|---|---|---|---|---|---|
r-devel-linux-x86_64-debian-clang | 2.1-2 | 20.21 | 252.16 | 272.37 | OK | |
r-devel-linux-x86_64-debian-gcc | 2.1-2 | 14.58 | 178.99 | 193.57 | OK | |
r-devel-linux-x86_64-fedora-clang | 2.1-2 | 125.00 | 328.54 | 453.54 | OK | |
r-devel-linux-x86_64-fedora-gcc | 2.1-2 | 132.00 | 327.11 | 459.11 | OK | |
r-devel-windows-x86_64 | 2.1-2 | 21.00 | 231.00 | 252.00 | OK | |
r-patched-linux-x86_64 | 2.1-2 | 17.67 | 244.07 | 261.74 | OK | |
r-release-linux-x86_64 | 2.1-2 | 19.72 | 241.57 | 261.29 | OK | |
r-release-macos-arm64 | 2.1-2 | 8.00 | 100.00 | 108.00 | OK | |
r-release-macos-x86_64 | 2.1-2 | 18.00 | 194.00 | 212.00 | OK | |
r-release-windows-x86_64 | 2.1-2 | 19.00 | 230.00 | 249.00 | OK | |
r-oldrel-macos-arm64 | 2.1-2 | 8.00 | 105.00 | 113.00 | NOTE | |
r-oldrel-macos-x86_64 | 2.1-2 | 14.00 | 152.00 | 166.00 | NOTE | |
r-oldrel-windows-x86_64 | 2.1-2 | 29.00 | 316.00 | 345.00 | OK |
Version: 2.1-2
Check: package dependencies
Result: NOTE
Package suggested but not available for checking: ‘TxDb.Hsapiens.UCSC.hg19.knownGene’
Flavors: r-oldrel-macos-arm64, r-oldrel-macos-x86_64
These binaries (installable software) and packages are in development.
They may not be fully stable and should be used with caution. We make no claims about them.