Last updated on 2024-07-27 15:50:34 CEST.
Flavor | Version | Tinstall | Tcheck | Ttotal | Status | Flags |
---|---|---|---|---|---|---|
r-devel-linux-x86_64-debian-clang | 2.1-0 | 17.58 | 302.89 | 320.47 | OK | |
r-devel-linux-x86_64-debian-gcc | 2.1-0 | OK | ||||
r-devel-linux-x86_64-fedora-clang | 2.1-0 | 417.29 | OK | |||
r-devel-linux-x86_64-fedora-gcc | 2.1-0 | 401.80 | OK | |||
r-devel-windows-x86_64 | 2.1-0 | 19.00 | 228.00 | 247.00 | OK | |
r-patched-linux-x86_64 | 2.1-0 | OK | ||||
r-release-linux-x86_64 | 2.1-0 | 13.85 | 297.51 | 311.36 | OK | |
r-release-macos-arm64 | 2.1-0 | 104.00 | NOTE | |||
r-release-macos-x86_64 | 2.1-0 | 165.00 | NOTE | |||
r-release-windows-x86_64 | 2.1-0 | 19.00 | 225.00 | 244.00 | OK | |
r-oldrel-macos-arm64 | 2.1-0 | 114.00 | NOTE | |||
r-oldrel-macos-x86_64 | 2.1-0 | 177.00 | NOTE | |||
r-oldrel-windows-x86_64 | 2.1-0 | 25.00 | 286.00 | 311.00 | OK |
Version: 2.1-0
Check: package dependencies
Result: NOTE
Package suggested but not available for checking: ‘TxDb.Hsapiens.UCSC.hg19.knownGene’
Flavors: r-release-macos-arm64, r-release-macos-x86_64
Version: 2.1-0
Check: package dependencies
Result: NOTE
Packages suggested but not available for checking:
'VariantAnnotation', 'TxDb.Hsapiens.UCSC.hg19.knownGene'
Flavor: r-oldrel-macos-arm64
Version: 2.1-0
Check: package dependencies
Result: NOTE
Packages suggested but not available for checking:
'VariantAnnotation', 'org.Hs.eg.db',
'TxDb.Hsapiens.UCSC.hg19.knownGene'
Flavor: r-oldrel-macos-x86_64
These binaries (installable software) and packages are in development.
They may not be fully stable and should be used with caution. We make no claims about them.