CRAN Package Check Results for Package SNPassoc

Last updated on 2025-07-26 07:50:35 CEST.

Flavor Version Tinstall Tcheck Ttotal Status Flags
r-devel-linux-x86_64-debian-clang 2.1-2 20.12 236.89 257.01 OK
r-devel-linux-x86_64-debian-gcc 2.1-2 13.61 170.75 184.36 OK
r-devel-linux-x86_64-fedora-clang 2.1-2 404.03 OK
r-devel-linux-x86_64-fedora-gcc 2.1-2 400.43 OK
r-devel-windows-x86_64 2.1-2 19.00 240.00 259.00 OK
r-patched-linux-x86_64 2.1-2 19.01 227.41 246.42 OK
r-release-linux-x86_64 2.1-2 19.59 228.48 248.07 OK
r-release-macos-arm64 2.1-2 108.00 OK
r-release-macos-x86_64 2.1-2 212.00 OK
r-release-windows-x86_64 2.1-2 19.00 231.00 250.00 OK
r-oldrel-macos-arm64 2.1-2 113.00 NOTE
r-oldrel-macos-x86_64 2.1-2 166.00 NOTE
r-oldrel-windows-x86_64 2.1-2 28.00 302.00 330.00 OK

Check Details

Version: 2.1-2
Check: package dependencies
Result: NOTE Package suggested but not available for checking: ‘TxDb.Hsapiens.UCSC.hg19.knownGene’ Flavors: r-oldrel-macos-arm64, r-oldrel-macos-x86_64

These binaries (installable software) and packages are in development.
They may not be fully stable and should be used with caution. We make no claims about them.