Last updated on 2025-02-16 10:50:59 CET.
Flavor | Version | Tinstall | Tcheck | Ttotal | Status | Flags |
---|---|---|---|---|---|---|
r-devel-linux-x86_64-debian-clang | 0.8.2 | 47.36 | 158.24 | 205.60 | NOTE | |
r-devel-linux-x86_64-debian-gcc | 0.8.2 | 33.90 | 106.45 | 140.35 | NOTE | |
r-devel-linux-x86_64-fedora-clang | 0.8.2 | 377.31 | NOTE | |||
r-devel-linux-x86_64-fedora-gcc | 0.8.2 | 391.64 | NOTE | |||
r-devel-macos-arm64 | 0.8.2 | 105.00 | NOTE | |||
r-devel-macos-x86_64 | 0.8.2 | 180.00 | NOTE | |||
r-devel-windows-x86_64 | 0.8.2 | 55.00 | 184.00 | 239.00 | NOTE | |
r-patched-linux-x86_64 | 0.8.2 | 43.87 | 147.00 | 190.87 | NOTE | |
r-release-linux-x86_64 | 0.8.2 | 44.53 | 154.92 | 199.45 | NOTE | |
r-release-macos-arm64 | 0.8.2 | 102.00 | NOTE | |||
r-release-macos-x86_64 | 0.8.2 | 135.00 | NOTE | |||
r-release-windows-x86_64 | 0.8.2 | 56.00 | 190.00 | 246.00 | NOTE | |
r-oldrel-macos-arm64 | 0.8.2 | 116.00 | NOTE | |||
r-oldrel-macos-x86_64 | 0.8.2 | 179.00 | NOTE | |||
r-oldrel-windows-x86_64 | 0.8.2 | 68.00 | 250.00 | 318.00 | NOTE |
Version: 0.8.2
Check: C++ specification
Result: NOTE
Specified C++11: please drop specification unless essential
Flavors: r-devel-linux-x86_64-debian-clang, r-devel-linux-x86_64-debian-gcc, r-devel-linux-x86_64-fedora-clang, r-devel-linux-x86_64-fedora-gcc, r-devel-macos-arm64, r-devel-macos-x86_64, r-devel-windows-x86_64, r-patched-linux-x86_64, r-release-linux-x86_64, r-release-macos-arm64, r-release-macos-x86_64, r-release-windows-x86_64, r-oldrel-macos-arm64, r-oldrel-macos-x86_64, r-oldrel-windows-x86_64
Version: 0.8.2
Check: Rd files
Result: NOTE
checkRd: (-1) knockoffGenotypes.Rd:32: Lost braces; missing escapes or markup?
32 | This function efficiently constructs group-knockoffs of {0,1,2} variables distributed
| ^
checkRd: (-1) knockoffGenotypes.Rd:11: Lost braces; missing escapes or markup?
11 | \item{X}{a {0,1,2} matrix of size n-by-p containing the original variables.}
| ^
checkRd: (-1) knockoffGenotypes.Rd:29: Lost braces; missing escapes or markup?
29 | A {0,1,2} matrix of size n-by-p containing the knockoff variables.
| ^
Flavors: r-devel-linux-x86_64-debian-clang, r-devel-linux-x86_64-debian-gcc, r-devel-linux-x86_64-fedora-clang, r-devel-linux-x86_64-fedora-gcc, r-devel-macos-arm64, r-devel-macos-x86_64, r-devel-windows-x86_64, r-patched-linux-x86_64, r-release-linux-x86_64, r-release-macos-arm64, r-release-macos-x86_64, r-release-windows-x86_64
Version: 0.8.2
Check: installed package size
Result: NOTE
installed size is 6.1Mb
sub-directories of 1Mb or more:
extdata 3.1Mb
libs 2.7Mb
Flavors: r-release-macos-arm64, r-release-macos-x86_64, r-oldrel-macos-arm64, r-oldrel-macos-x86_64
These binaries (installable software) and packages are in development.
They may not be fully stable and should be used with caution. We make no claims about them.