Last updated on 2025-02-16 10:50:59 CET.
Flavor | Version | Tinstall | Tcheck | Ttotal | Status | Flags |
---|---|---|---|---|---|---|
r-devel-linux-x86_64-debian-clang | 0.99-11 | 2.09 | 25.09 | 27.18 | NOTE | |
r-devel-linux-x86_64-debian-gcc | 0.99-11 | 1.68 | 20.48 | 22.16 | NOTE | |
r-devel-linux-x86_64-fedora-clang | 0.99-11 | 44.40 | NOTE | |||
r-devel-linux-x86_64-fedora-gcc | 0.99-11 | 54.23 | NOTE | |||
r-devel-macos-arm64 | 0.99-11 | 23.00 | OK | |||
r-devel-macos-x86_64 | 0.99-11 | 39.00 | OK | |||
r-devel-windows-x86_64 | 0.99-11 | 4.00 | 53.00 | 57.00 | OK | |
r-patched-linux-x86_64 | 0.99-11 | 2.41 | 23.92 | 26.33 | NOTE | |
r-release-linux-x86_64 | 0.99-11 | 2.07 | 24.22 | 26.29 | NOTE | |
r-release-macos-arm64 | 0.99-11 | 24.00 | OK | |||
r-release-macos-x86_64 | 0.99-11 | 38.00 | OK | |||
r-release-windows-x86_64 | 0.99-11 | 4.00 | 51.00 | 55.00 | OK | |
r-oldrel-macos-arm64 | 0.99-11 | 27.00 | OK | |||
r-oldrel-macos-x86_64 | 0.99-11 | 35.00 | OK | |||
r-oldrel-windows-x86_64 | 0.99-11 | 3.00 | 54.00 | 57.00 | OK |
Version: 0.99-11
Check: R code for possible problems
Result: NOTE
Found the following calls to attach():
File ‘SOAR/R/SOAR.R’:
attach(NULL, pos, basename(directory))
See section ‘Good practice’ in ‘?attach’.
Flavors: r-devel-linux-x86_64-debian-clang, r-devel-linux-x86_64-debian-gcc, r-patched-linux-x86_64, r-release-linux-x86_64
Version: 0.99-11
Check: for non-standard things in the check directory
Result: NOTE
Found the following files/directories:
‘.R_Test’
Flavors: r-devel-linux-x86_64-debian-clang, r-devel-linux-x86_64-debian-gcc, r-devel-linux-x86_64-fedora-clang, r-devel-linux-x86_64-fedora-gcc, r-patched-linux-x86_64, r-release-linux-x86_64
These binaries (installable software) and packages are in development.
They may not be fully stable and should be used with caution. We make no claims about them.