Last updated on 2025-02-16 10:50:59 CET.
Flavor | Version | Tinstall | Tcheck | Ttotal | Status | Flags |
---|---|---|---|---|---|---|
r-devel-linux-x86_64-debian-clang | 1.4-2 | 8.94 | 93.72 | 102.66 | NOTE | |
r-devel-linux-x86_64-debian-gcc | 1.4-2 | 6.10 | 63.04 | 69.14 | NOTE | |
r-devel-linux-x86_64-fedora-clang | 1.4-2 | 166.26 | OK | |||
r-devel-linux-x86_64-fedora-gcc | 1.4-2 | 161.27 | OK | |||
r-devel-macos-arm64 | 1.4-2 | 51.00 | OK | |||
r-devel-macos-x86_64 | 1.4-2 | 92.00 | OK | |||
r-devel-windows-x86_64 | 1.4-2 | 11.00 | 104.00 | 115.00 | NOTE | |
r-patched-linux-x86_64 | 1.4-2 | 11.96 | 85.51 | 97.47 | OK | |
r-release-linux-x86_64 | 1.4-2 | 6.70 | 86.10 | 92.80 | OK | |
r-release-macos-arm64 | 1.4-2 | 51.00 | OK | |||
r-release-macos-x86_64 | 1.4-2 | 85.00 | OK | |||
r-release-windows-x86_64 | 1.4-2 | 10.00 | 103.00 | 113.00 | OK | |
r-oldrel-macos-arm64 | 1.4-2 | 61.00 | OK | |||
r-oldrel-macos-x86_64 | 1.4-2 | 108.00 | OK | |||
r-oldrel-windows-x86_64 | 1.4-2 | 14.00 | 130.00 | 144.00 | OK |
Version: 1.4-2
Check: Rd cross-references
Result: NOTE
Found the following Rd file(s) with Rd \link{} targets missing package
anchors:
superClass.Rd: igraph
Please provide package anchors for all Rd \link{} targets not in the
package itself and the base packages.
Flavors: r-devel-linux-x86_64-debian-clang, r-devel-linux-x86_64-debian-gcc, r-devel-windows-x86_64
Version: 1.4-2
Check: for unstated dependencies in ‘demo’
Result: NOTE
'library' or 'require' call not declared from: ‘RColorBrewer’
Flavors: r-devel-linux-x86_64-debian-clang, r-devel-linux-x86_64-debian-gcc
These binaries (installable software) and packages are in development.
They may not be fully stable and should be used with caution. We make no claims about them.