Last updated on 2025-05-01 14:49:23 CEST.
Flavor | Version | Tinstall | Tcheck | Ttotal | Status | Flags |
---|---|---|---|---|---|---|
r-devel-linux-x86_64-debian-clang | 1.0-1 | 4.25 | 42.95 | 47.20 | NOTE | |
r-devel-linux-x86_64-debian-gcc | 1.0-1 | 2.85 | 31.72 | 34.57 | OK | |
r-devel-linux-x86_64-fedora-clang | 1.0-1 | 70.18 | OK | |||
r-devel-linux-x86_64-fedora-gcc | 1.0-1 | 75.13 | OK | |||
r-devel-windows-x86_64 | 1.0-1 | 5.00 | 68.00 | 73.00 | OK | |
r-patched-linux-x86_64 | 1.0-1 | 4.66 | 43.70 | 48.36 | OK | |
r-release-linux-x86_64 | OK | |||||
r-release-macos-arm64 | 1.0-1 | 27.00 | OK | |||
r-release-macos-x86_64 | 1.0-1 | 46.00 | OK | |||
r-release-windows-x86_64 | 1.0-1 | 5.00 | 72.00 | 77.00 | OK | |
r-oldrel-macos-arm64 | 1.0-1 | 25.00 | OK | |||
r-oldrel-macos-x86_64 | 1.0-1 | 38.00 | OK | |||
r-oldrel-windows-x86_64 | 1.0-1 | 5.00 | 74.00 | 79.00 | OK |
Version: 1.0-1
Check: examples
Result: NOTE
Examples with CPU (user + system) or elapsed time > 5s
user system elapsed
sop 4.489 0.042 6.308
rae 3.043 0.091 5.059
Flavor: r-devel-linux-x86_64-debian-clang
These binaries (installable software) and packages are in development.
They may not be fully stable and should be used with caution. We make no claims about them.