Last updated on 2025-10-24 19:50:44 CEST.
| Flavor | Version | Tinstall | Tcheck | Ttotal | Status | Flags |
|---|---|---|---|---|---|---|
| r-devel-linux-x86_64-debian-clang | 1.6 | 3.24 | 33.89 | 37.13 | NOTE | |
| r-devel-linux-x86_64-debian-gcc | 1.6 | 2.18 | 25.17 | 27.35 | NOTE | |
| r-devel-linux-x86_64-fedora-clang | 1.6 | 59.43 | OK | |||
| r-devel-linux-x86_64-fedora-gcc | 1.6 | 52.91 | OK | |||
| r-devel-windows-x86_64 | 1.6 | 4.00 | 53.00 | 57.00 | OK | |
| r-patched-linux-x86_64 | 1.6 | 2.79 | 32.31 | 35.10 | OK | |
| r-release-linux-x86_64 | 1.6 | 2.77 | 32.70 | 35.47 | OK | |
| r-release-macos-arm64 | 1.6 | 2.00 | 19.00 | 21.00 | OK | |
| r-release-macos-x86_64 | 1.6 | 3.00 | 34.00 | 37.00 | OK | |
| r-release-windows-x86_64 | 1.6 | 4.00 | 53.00 | 57.00 | OK | |
| r-oldrel-macos-arm64 | 1.6 | 1.00 | 18.00 | 19.00 | OK | |
| r-oldrel-macos-x86_64 | 1.6 | 2.00 | 28.00 | 30.00 | OK | |
| r-oldrel-windows-x86_64 | 1.6 | 4.00 | 63.00 | 67.00 | OK |
Version: 1.6
Check: CRAN incoming feasibility
Result: NOTE
Maintainer: ‘Willem Daniel Schutte <wd.schutte@nwu.ac.za>’
No Authors@R field in DESCRIPTION.
Please add one, modifying
Authors@R: person(given = c("Willem", "Daniel"),
family = "Schutte",
role = c("aut", "cre"),
email = "wd.schutte@nwu.ac.za")
as necessary.
Flavors: r-devel-linux-x86_64-debian-clang, r-devel-linux-x86_64-debian-gcc
These binaries (installable software) and packages are in development.
They may not be fully stable and should be used with caution. We make no claims about them.