Last updated on 2025-11-12 19:52:05 CET.
| Flavor | Version | Tinstall | Tcheck | Ttotal | Status | Flags |
|---|---|---|---|---|---|---|
| r-devel-linux-x86_64-debian-clang | 0.2.0 | 6.32 | 54.77 | 61.09 | OK | |
| r-devel-linux-x86_64-debian-gcc | 0.2.0 | 4.32 | 40.22 | 44.54 | OK | |
| r-devel-linux-x86_64-fedora-clang | 0.2.0 | 29.00 | 67.75 | 96.75 | OK | |
| r-devel-linux-x86_64-fedora-gcc | 0.2.0 | 13.00 | 73.43 | 86.43 | OK | |
| r-devel-windows-x86_64 | 0.2.0 | 9.00 | 68.00 | 77.00 | OK | |
| r-patched-linux-x86_64 | 0.2.0 | 6.01 | 51.41 | 57.42 | OK | |
| r-release-linux-x86_64 | 0.2.0 | 5.20 | 52.68 | 57.88 | OK | |
| r-release-macos-arm64 | 0.2.0 | 3.00 | 24.00 | 27.00 | OK | |
| r-release-macos-x86_64 | 0.2.0 | 6.00 | 51.00 | 57.00 | OK | |
| r-release-windows-x86_64 | 0.2.0 | 8.00 | 67.00 | 75.00 | OK | |
| r-oldrel-macos-arm64 | 0.2.0 | 3.00 | 26.00 | 29.00 | NOTE | |
| r-oldrel-macos-x86_64 | 0.2.0 | 4.00 | 41.00 | 45.00 | NOTE | |
| r-oldrel-windows-x86_64 | 0.2.0 | 11.00 | 86.00 | 97.00 | NOTE |
Version: 0.2.0
Check: LazyData
Result: NOTE
'LazyData' is specified without a 'data' directory
Flavors: r-oldrel-macos-arm64, r-oldrel-macos-x86_64, r-oldrel-windows-x86_64
These binaries (installable software) and packages are in development.
They may not be fully stable and should be used with caution. We make no claims about them.