Last updated on 2025-02-16 10:50:59 CET.
Flavor | Version | Tinstall | Tcheck | Ttotal | Status | Flags |
---|---|---|---|---|---|---|
r-devel-linux-x86_64-debian-clang | 1.2.0 | 17.90 | 435.95 | 453.85 | NOTE | |
r-devel-linux-x86_64-debian-gcc | 1.2.0 | 12.72 | 378.31 | 391.03 | NOTE | |
r-devel-linux-x86_64-fedora-clang | 1.2.0 | 802.47 | NOTE | |||
r-devel-linux-x86_64-fedora-gcc | 1.2.0 | 897.27 | NOTE | |||
r-devel-macos-arm64 | 1.2.0 | 298.00 | OK | |||
r-devel-macos-x86_64 | 1.2.0 | 627.00 | OK | |||
r-devel-windows-x86_64 | 1.2.0 | 21.00 | 652.00 | 673.00 | NOTE | |
r-patched-linux-x86_64 | 1.2.0 | 25.31 | 480.43 | 505.74 | OK | |
r-release-linux-x86_64 | 1.2.0 | 17.86 | 478.33 | 496.19 | OK | |
r-release-macos-arm64 | 1.2.0 | 284.00 | OK | |||
r-release-macos-x86_64 | 1.2.0 | 426.00 | OK | |||
r-release-windows-x86_64 | 1.2.0 | 22.00 | 636.00 | 658.00 | OK | |
r-oldrel-macos-arm64 | 1.2.0 | 350.00 | OK | |||
r-oldrel-macos-x86_64 | 1.2.0 | 502.00 | OK | |||
r-oldrel-windows-x86_64 | 1.2.0 | 28.00 | 723.00 | 751.00 | OK |
Version: 1.2.0
Check: Rd cross-references
Result: NOTE
Found the following Rd file(s) with Rd \link{} targets missing package
anchors:
model_parallel.Rd: future_lapply
Please provide package anchors for all Rd \link{} targets not in the
package itself and the base packages.
Flavors: r-devel-linux-x86_64-debian-clang, r-devel-linux-x86_64-debian-gcc, r-devel-windows-x86_64
Version: 1.2.0
Check: dependencies in R code
Result: NOTE
Namespaces in Imports field not imported from:
‘future’ ‘geosphere’ ‘lubridate’ ‘tidyverse’ ‘viridis’
All declared Imports should be used.
Flavors: r-devel-linux-x86_64-fedora-clang, r-devel-linux-x86_64-fedora-gcc
These binaries (installable software) and packages are in development.
They may not be fully stable and should be used with caution. We make no claims about them.