Last updated on 2025-10-23 17:51:03 CEST.
Flavor | Version | Tinstall | Tcheck | Ttotal | Status | Flags |
---|---|---|---|---|---|---|
r-devel-linux-x86_64-debian-clang | 2025.2.1 | 83.75 | 112.37 | 196.12 | OK | |
r-devel-linux-x86_64-debian-gcc | 2025.2.1 | 77.25 | 85.36 | 162.61 | OK | |
r-devel-linux-x86_64-fedora-clang | 2025.2.1 | 242.00 | 74.79 | 316.79 | OK | |
r-devel-linux-x86_64-fedora-gcc | 2025.2.1 | 260.00 | 112.85 | 372.85 | OK | |
r-devel-windows-x86_64 | 2025.2.1 | 92.00 | 139.00 | 231.00 | OK | |
r-patched-linux-x86_64 | 2025.2.1 | 99.89 | 110.67 | 210.56 | OK | |
r-release-linux-x86_64 | 2025.2.1 | 103.23 | 110.57 | 213.80 | OK | |
r-release-macos-arm64 | 2025.2.1 | 42.00 | 70.00 | 112.00 | OK | |
r-release-macos-x86_64 | 2025.2.1 | 103.00 | 123.00 | 226.00 | OK | |
r-release-windows-x86_64 | 2025.2.1 | 93.00 | 144.00 | 237.00 | OK | |
r-oldrel-macos-arm64 | 2025.2.1 | 39.00 | 72.00 | 111.00 | NOTE | |
r-oldrel-macos-x86_64 | 2025.2.1 | 112.00 | 138.00 | 250.00 | NOTE | |
r-oldrel-windows-x86_64 | 2025.2.1 | 108.00 | 181.00 | 289.00 | NOTE |
Version: 2025.2.1
Check: installed package size
Result: NOTE
installed size is 47.7Mb
sub-directories of 1Mb or more:
libs 46.9Mb
Flavors: r-oldrel-macos-arm64, r-oldrel-macos-x86_64, r-oldrel-windows-x86_64
These binaries (installable software) and packages are in development.
They may not be fully stable and should be used with caution. We make no claims about them.