Last updated on 2025-10-24 05:50:57 CEST.
| Flavor | Version | Tinstall | Tcheck | Ttotal | Status | Flags |
|---|---|---|---|---|---|---|
| r-devel-linux-x86_64-debian-clang | 3.1.2 | 3.27 | 27.79 | 31.06 | NOTE | |
| r-devel-linux-x86_64-debian-gcc | 3.1.2 | 2.73 | 21.89 | 24.62 | NOTE | |
| r-devel-linux-x86_64-fedora-clang | 3.1.2 | 49.49 | OK | |||
| r-devel-linux-x86_64-fedora-gcc | 3.1.2 | 44.26 | OK | |||
| r-devel-windows-x86_64 | 3.1.2 | 5.00 | 45.00 | 50.00 | OK | |
| r-patched-linux-x86_64 | 3.1.2 | 3.52 | 26.50 | 30.02 | OK | |
| r-release-linux-x86_64 | 3.1.2 | 2.82 | 27.06 | 29.88 | OK | |
| r-release-macos-arm64 | 3.1.2 | 1.00 | 17.00 | 18.00 | OK | |
| r-release-macos-x86_64 | 3.1.2 | 5.00 | 41.00 | 46.00 | OK | |
| r-release-windows-x86_64 | 3.1.2 | 5.00 | 48.00 | 53.00 | OK | |
| r-oldrel-macos-arm64 | 3.1.2 | 1.00 | 20.00 | 21.00 | OK | |
| r-oldrel-macos-x86_64 | 3.1.2 | 3.00 | 28.00 | 31.00 | OK | |
| r-oldrel-windows-x86_64 | 3.1.2 | 4.00 | 47.00 | 51.00 | OK |
Version: 3.1.2
Check: CRAN incoming feasibility
Result: NOTE
Maintainer: ‘Rounak Dey <deyrnk@umich.edu>’
No Authors@R field in DESCRIPTION.
Please add one, modifying
Authors@R: c(person(given = "Rounak",
family = "Dey",
role = c("aut", "cre"),
email = "deyrnk@umich.edu"),
person(given = "Seunggeun",
family = "Lee",
role = "aut"))
as necessary.
Flavors: r-devel-linux-x86_64-debian-clang, r-devel-linux-x86_64-debian-gcc
These binaries (installable software) and packages are in development.
They may not be fully stable and should be used with caution. We make no claims about them.