Last updated on 2025-05-01 14:49:23 CEST.
Flavor | Version | Tinstall | Tcheck | Ttotal | Status | Flags |
---|---|---|---|---|---|---|
r-devel-linux-x86_64-debian-clang | 1.0 | 1.85 | 21.76 | 23.61 | NOTE | |
r-devel-linux-x86_64-debian-gcc | 1.0 | 1.51 | 17.81 | 19.32 | NOTE | |
r-devel-linux-x86_64-fedora-clang | 1.0 | 36.80 | OK | |||
r-devel-linux-x86_64-fedora-gcc | 1.0 | 35.39 | OK | |||
r-devel-windows-x86_64 | 1.0 | 3.00 | 48.00 | 51.00 | OK | |
r-patched-linux-x86_64 | 1.0 | 1.73 | 21.31 | 23.04 | OK | |
r-release-linux-x86_64 | OK | |||||
r-release-macos-arm64 | 1.0 | 17.00 | OK | |||
r-release-macos-x86_64 | 1.0 | 25.00 | OK | |||
r-release-windows-x86_64 | 1.0 | 3.00 | 50.00 | 53.00 | OK | |
r-oldrel-macos-arm64 | 1.0 | 16.00 | OK | |||
r-oldrel-macos-x86_64 | 1.0 | 25.00 | OK | |||
r-oldrel-windows-x86_64 | 1.0 | 4.00 | 44.00 | 48.00 | OK |
Version: 1.0
Check: CRAN incoming feasibility
Result: NOTE
Maintainer: ‘Ning Hao <nhao@math.arizona.edu>’
No Authors@R field in DESCRIPTION.
Please add one, modifying
Authors@R: c(person(given = c("Yue", "S."),
family = "Niu",
role = "aut"),
person(given = "Ning",
family = "Hao",
role = c("aut", "cre"),
email = "nhao@math.arizona.edu"),
person(given = "Bin",
family = "Dong",
role = "aut"))
as necessary.
Flavors: r-devel-linux-x86_64-debian-clang, r-devel-linux-x86_64-debian-gcc
Version: 1.0
Check: examples
Result: NOTE
Examples with CPU (user + system) or elapsed time > 5s
user system elapsed
SPCALDA 2.853 0.142 5.057
Flavor: r-devel-linux-x86_64-debian-clang
These binaries (installable software) and packages are in development.
They may not be fully stable and should be used with caution. We make no claims about them.