Last updated on 2025-10-25 23:48:52 CEST.
| Flavor | Version | Tinstall | Tcheck | Ttotal | Status | Flags |
|---|---|---|---|---|---|---|
| r-devel-linux-x86_64-debian-clang | 0.1.0 | 7.92 | 67.92 | 75.84 | NOTE | |
| r-devel-linux-x86_64-debian-gcc | 0.1.0 | 5.70 | 50.29 | 55.99 | NOTE | |
| r-devel-linux-x86_64-fedora-clang | 0.1.0 | 20.00 | 99.03 | 119.03 | OK | |
| r-devel-linux-x86_64-fedora-gcc | 0.1.0 | 15.00 | 94.15 | 109.15 | OK | |
| r-devel-windows-x86_64 | 0.1.0 | 9.00 | 75.00 | 84.00 | OK | |
| r-patched-linux-x86_64 | 0.1.0 | 8.41 | 65.29 | 73.70 | OK | |
| r-release-linux-x86_64 | 0.1.0 | 6.55 | 65.91 | 72.46 | OK | |
| r-release-macos-arm64 | 0.1.0 | 5.00 | 34.00 | 39.00 | OK | |
| r-release-macos-x86_64 | 0.1.0 | 8.00 | 61.00 | 69.00 | OK | |
| r-release-windows-x86_64 | 0.1.0 | 9.00 | 76.00 | 85.00 | OK | |
| r-oldrel-macos-arm64 | 0.1.0 | 4.00 | 32.00 | 36.00 | NOTE | |
| r-oldrel-macos-x86_64 | 0.1.0 | 6.00 | 48.00 | 54.00 | NOTE | |
| r-oldrel-windows-x86_64 | 0.1.0 | 13.00 | 94.00 | 107.00 | NOTE |
Version: 0.1.0
Check: CRAN incoming feasibility
Result: NOTE
Maintainer: ‘David A. Schoenfeld <dschoenfeld@mgh.harvard.edu>’
No Authors@R field in DESCRIPTION.
Please add one, modifying
Authors@R: person(given = c("David", "A."),
family = "Schoenfeld",
role = c("aut", "cre"),
email = "dschoenfeld@mgh.harvard.edu")
as necessary.
Flavors: r-devel-linux-x86_64-debian-clang, r-devel-linux-x86_64-debian-gcc
Version: 0.1.0
Check: LazyData
Result: NOTE
'LazyData' is specified without a 'data' directory
Flavors: r-oldrel-macos-arm64, r-oldrel-macos-x86_64, r-oldrel-windows-x86_64
These binaries (installable software) and packages are in development.
They may not be fully stable and should be used with caution. We make no claims about them.