CRAN Package Check Results for Package SPCDAnalyze

Last updated on 2025-07-01 11:49:31 CEST.

Flavor Version Tinstall Tcheck Ttotal Status Flags
r-devel-linux-x86_64-debian-clang 0.1.0 7.40 65.89 73.29 NOTE
r-devel-linux-x86_64-debian-gcc 0.1.0 6.35 48.83 55.18 NOTE
r-devel-linux-x86_64-fedora-clang 0.1.0 114.67 OK
r-devel-linux-x86_64-fedora-gcc 0.1.0 113.30 OK
r-devel-windows-x86_64 0.1.0 9.00 75.00 84.00 OK
r-patched-linux-x86_64 OK
r-release-linux-x86_64 0.1.0 8.25 63.13 71.38 OK
r-release-macos-arm64 0.1.0 39.00 OK
r-release-macos-x86_64 0.1.0 69.00 OK
r-release-windows-x86_64 0.1.0 9.00 74.00 83.00 OK
r-oldrel-macos-arm64 0.1.0 36.00 NOTE
r-oldrel-macos-x86_64 0.1.0 54.00 NOTE
r-oldrel-windows-x86_64 0.1.0 12.00 93.00 105.00 NOTE

Check Details

Version: 0.1.0
Check: CRAN incoming feasibility
Result: NOTE Maintainer: ‘David A. Schoenfeld <dschoenfeld@mgh.harvard.edu>’ No Authors@R field in DESCRIPTION. Please add one, modifying Authors@R: person(given = c("David", "A."), family = "Schoenfeld", role = c("aut", "cre"), email = "dschoenfeld@mgh.harvard.edu") as necessary. Flavors: r-devel-linux-x86_64-debian-clang, r-devel-linux-x86_64-debian-gcc

Version: 0.1.0
Check: LazyData
Result: NOTE 'LazyData' is specified without a 'data' directory Flavors: r-oldrel-macos-arm64, r-oldrel-macos-x86_64, r-oldrel-windows-x86_64

These binaries (installable software) and packages are in development.
They may not be fully stable and should be used with caution. We make no claims about them.