Last updated on 2025-07-19 21:49:50 CEST.
Flavor | Version | Tinstall | Tcheck | Ttotal | Status | Flags |
---|---|---|---|---|---|---|
r-devel-linux-x86_64-debian-clang | 1.0.3 | 20.59 | 165.21 | 185.80 | NOTE | |
r-devel-linux-x86_64-debian-gcc | 1.0.3 | 13.31 | 102.18 | 115.49 | NOTE | |
r-devel-linux-x86_64-fedora-clang | 1.0.3 | 301.56 | OK | |||
r-devel-linux-x86_64-fedora-gcc | 1.0.3 | 306.54 | OK | |||
r-devel-windows-x86_64 | 1.0.3 | 19.00 | 195.00 | 214.00 | OK | |
r-patched-linux-x86_64 | 1.0.3 | 19.45 | 154.01 | 173.46 | OK | |
r-release-linux-x86_64 | 1.0.3 | 17.63 | 155.41 | 173.04 | OK | |
r-release-macos-arm64 | 1.0.3 | 98.00 | OK | |||
r-release-macos-x86_64 | 1.0.3 | 195.00 | OK | |||
r-release-windows-x86_64 | 1.0.3 | 19.00 | 197.00 | 216.00 | OK | |
r-oldrel-macos-arm64 | 1.0.3 | 79.00 | OK | |||
r-oldrel-macos-x86_64 | 1.0.3 | 133.00 | OK | |||
r-oldrel-windows-x86_64 | 1.0.3 | 28.00 | 235.00 | 263.00 | OK |
Version: 1.0.3
Check: CRAN incoming feasibility
Result: NOTE
Maintainer: ‘Ziang Zhang <aguero.zhang@mail.utoronto.ca>’
No Authors@R field in DESCRIPTION.
Please add one, modifying
Authors@R: c(person(given = "Ziang",
family = "Zhang",
role = c("aut", "cre"),
email = "aguero.zhang@mail.utoronto.ca"),
person(given = "Lei",
family = "Sun",
role = "aut"))
as necessary.
The Description field contains
Accounting for Covariate Effects" <arXiv:2203.15641>.
Please refer to arXiv e-prints via their arXiv DOI <doi:10.48550/arXiv.YYMM.NNNNN>.
Flavors: r-devel-linux-x86_64-debian-clang, r-devel-linux-x86_64-debian-gcc
These binaries (installable software) and packages are in development.
They may not be fully stable and should be used with caution. We make no claims about them.