CRAN Package Check Results for Package SPCompute

Last updated on 2025-05-02 06:49:47 CEST.

Flavor Version Tinstall Tcheck Ttotal Status Flags
r-devel-linux-x86_64-debian-clang 1.0.3 21.52 167.01 188.53 NOTE
r-devel-linux-x86_64-debian-gcc 1.0.3 13.09 100.27 113.36 NOTE
r-devel-linux-x86_64-fedora-clang 1.0.3 307.65 OK
r-devel-linux-x86_64-fedora-gcc 1.0.3 322.35 OK
r-devel-windows-x86_64 1.0.3 18.00 194.00 212.00 OK
r-patched-linux-x86_64 1.0.3 20.26 153.32 173.58 OK
r-release-linux-x86_64 OK
r-release-macos-arm64 1.0.3 98.00 OK
r-release-macos-x86_64 1.0.3 195.00 OK
r-release-windows-x86_64 1.0.3 18.00 196.00 214.00 OK
r-oldrel-macos-arm64 1.0.3 79.00 OK
r-oldrel-macos-x86_64 1.0.3 133.00 OK
r-oldrel-windows-x86_64 1.0.3 23.00 236.00 259.00 OK

Check Details

Version: 1.0.3
Check: CRAN incoming feasibility
Result: NOTE Maintainer: ‘Ziang Zhang <aguero.zhang@mail.utoronto.ca>’ No Authors@R field in DESCRIPTION. Please add one, modifying Authors@R: c(person(given = "Ziang", family = "Zhang", role = c("aut", "cre"), email = "aguero.zhang@mail.utoronto.ca"), person(given = "Lei", family = "Sun", role = "aut")) as necessary. The Description field contains Accounting for Covariate Effects" <arXiv:2203.15641>. Please refer to arXiv e-prints via their arXiv DOI <doi:10.48550/arXiv.YYMM.NNNNN>. Flavors: r-devel-linux-x86_64-debian-clang, r-devel-linux-x86_64-debian-gcc

Version: 1.0.3
Check: examples
Result: NOTE Examples with CPU (user + system) or elapsed time > 5s user system elapsed Compute_Size_multi 9.571 0.001 12.657 Flavor: r-devel-linux-x86_64-debian-clang

These binaries (installable software) and packages are in development.
They may not be fully stable and should be used with caution. We make no claims about them.