CRAN Package Check Results for Package SPCompute

Last updated on 2025-11-14 09:50:16 CET.

Flavor Version Tinstall Tcheck Ttotal Status Flags
r-devel-linux-x86_64-debian-clang 1.0.3 21.18 164.43 185.61 NOTE
r-devel-linux-x86_64-debian-gcc 1.0.3 11.03 102.76 113.79 NOTE
r-devel-linux-x86_64-fedora-clang 1.0.3 49.00 254.63 303.63 OK
r-devel-linux-x86_64-fedora-gcc 1.0.3 44.00 265.00 309.00 OK
r-devel-windows-x86_64 1.0.3 19.00 185.00 204.00 OK
r-patched-linux-x86_64 1.0.3 19.66 154.89 174.55 OK
r-release-linux-x86_64 1.0.3 18.41 156.04 174.45 OK
r-release-macos-arm64 1.0.3 9.00 89.00 98.00 OK
r-release-macos-x86_64 1.0.3 16.00 179.00 195.00 OK
r-release-windows-x86_64 1.0.3 19.00 193.00 212.00 OK
r-oldrel-macos-arm64 1.0.3 7.00 72.00 79.00 OK
r-oldrel-macos-x86_64 1.0.3 12.00 121.00 133.00 OK
r-oldrel-windows-x86_64 1.0.3 27.00 244.00 271.00 OK

Check Details

Version: 1.0.3
Check: CRAN incoming feasibility
Result: NOTE Maintainer: ‘Ziang Zhang <aguero.zhang@mail.utoronto.ca>’ No Authors@R field in DESCRIPTION. Please add one, modifying Authors@R: c(person(given = "Ziang", family = "Zhang", role = c("aut", "cre"), email = "aguero.zhang@mail.utoronto.ca"), person(given = "Lei", family = "Sun", role = "aut")) as necessary. The Description field contains Accounting for Covariate Effects" <arXiv:2203.15641>. Please refer to arXiv e-prints via their arXiv DOI <doi:10.48550/arXiv.YYMM.NNNNN>. Flavors: r-devel-linux-x86_64-debian-clang, r-devel-linux-x86_64-debian-gcc

These binaries (installable software) and packages are in development.
They may not be fully stable and should be used with caution. We make no claims about them.