Last updated on 2025-02-16 10:50:59 CET.
Flavor | Version | Tinstall | Tcheck | Ttotal | Status | Flags |
---|---|---|---|---|---|---|
r-devel-linux-x86_64-debian-clang | 1.0.0 | 20.59 | 305.44 | 326.03 | NOTE | |
r-devel-linux-x86_64-debian-gcc | 1.0.0 | 16.53 | 209.35 | 225.88 | NOTE | |
r-devel-linux-x86_64-fedora-clang | 1.0.0 | 574.11 | OK | |||
r-devel-linux-x86_64-fedora-gcc | 1.0.0 | 526.20 | OK | |||
r-devel-macos-arm64 | 1.0.0 | 172.00 | OK | |||
r-devel-macos-x86_64 | 1.0.0 | 361.00 | OK | |||
r-devel-windows-x86_64 | 1.0.0 | 22.00 | 298.00 | 320.00 | NOTE | |
r-patched-linux-x86_64 | 1.0.0 | 26.66 | 292.56 | 319.22 | OK | |
r-release-linux-x86_64 | 1.0.0 | 21.07 | 291.79 | 312.86 | OK | |
r-release-macos-arm64 | 1.0.0 | 164.00 | NOTE | |||
r-release-macos-x86_64 | 1.0.0 | 270.00 | NOTE | |||
r-release-windows-x86_64 | 1.0.0 | 27.00 | 302.00 | 329.00 | OK | |
r-oldrel-macos-arm64 | 1.0.0 | 163.00 | NOTE | |||
r-oldrel-macos-x86_64 | 1.0.0 | 390.00 | NOTE | |||
r-oldrel-windows-x86_64 | 1.0.0 | 33.00 | 373.00 | 406.00 | OK |
Version: 1.0.0
Check: Rd cross-references
Result: NOTE
Found the following Rd file(s) with Rd \link{} targets missing package
anchors:
speck.Rd: Ckmeans.1d.dp
Please provide package anchors for all Rd \link{} targets not in the
package itself and the base packages.
Flavors: r-devel-linux-x86_64-debian-clang, r-devel-linux-x86_64-debian-gcc, r-devel-windows-x86_64
Version: 1.0.0
Check: installed package size
Result: NOTE
installed size is 5.5Mb
sub-directories of 1Mb or more:
data 4.8Mb
Flavors: r-release-macos-arm64, r-release-macos-x86_64, r-oldrel-macos-arm64, r-oldrel-macos-x86_64
These binaries (installable software) and packages are in development.
They may not be fully stable and should be used with caution. We make no claims about them.