Last updated on 2025-10-23 23:49:46 CEST.
| Flavor | Version | Tinstall | Tcheck | Ttotal | Status | Flags |
|---|---|---|---|---|---|---|
| r-devel-linux-x86_64-debian-clang | 2.2 | 2.71 | 35.10 | 37.81 | NOTE | |
| r-devel-linux-x86_64-debian-gcc | 2.2 | 1.93 | 25.99 | 27.92 | NOTE | |
| r-devel-linux-x86_64-fedora-clang | 2.2 | 57.61 | OK | |||
| r-devel-linux-x86_64-fedora-gcc | 2.2 | 53.22 | OK | |||
| r-devel-windows-x86_64 | 2.2 | 4.00 | 49.00 | 53.00 | OK | |
| r-patched-linux-x86_64 | 2.2 | 2.76 | 33.19 | 35.95 | OK | |
| r-release-linux-x86_64 | 2.2 | 2.64 | 32.44 | 35.08 | OK | |
| r-release-macos-arm64 | 2.2 | 1.00 | 19.00 | 20.00 | OK | |
| r-release-macos-x86_64 | 2.2 | 2.00 | 32.00 | 34.00 | OK | |
| r-release-windows-x86_64 | 2.2 | 3.00 | 52.00 | 55.00 | OK | |
| r-oldrel-macos-arm64 | 2.2 | 1.00 | 18.00 | 19.00 | OK | |
| r-oldrel-macos-x86_64 | 2.2 | 2.00 | 33.00 | 35.00 | OK | |
| r-oldrel-windows-x86_64 | 2.2 | 4.00 | 59.00 | 63.00 | OK |
Version: 2.2
Check: CRAN incoming feasibility
Result: NOTE
Maintainer: ‘Castor Guisande Gonzalez <castor@uvigo.es>’
No Authors@R field in DESCRIPTION.
Please add one, modifying
Authors@R: person(given = c("Castor", "Guisande"),
family = "Gonzalez",
role = c("aut", "cre"),
email = "castor@uvigo.es")
as necessary.
Flavors: r-devel-linux-x86_64-debian-clang, r-devel-linux-x86_64-debian-gcc
These binaries (installable software) and packages are in development.
They may not be fully stable and should be used with caution. We make no claims about them.