Last updated on 2025-05-01 08:52:47 CEST.
Flavor | Version | Tinstall | Tcheck | Ttotal | Status | Flags |
---|---|---|---|---|---|---|
r-devel-linux-x86_64-debian-clang | 0.1.0 | 8.34 | 245.81 | 254.15 | NOTE | |
r-devel-linux-x86_64-debian-gcc | 0.1.0 | 7.42 | 168.75 | 176.17 | OK | |
r-devel-linux-x86_64-fedora-clang | 0.1.0 | 402.97 | OK | |||
r-devel-linux-x86_64-fedora-gcc | 0.1.0 | 415.97 | OK | |||
r-devel-windows-x86_64 | 0.1.0 | 11.00 | 266.00 | 277.00 | OK | |
r-patched-linux-x86_64 | 0.1.0 | 9.78 | 234.93 | 244.71 | OK | |
r-release-linux-x86_64 | OK | |||||
r-release-macos-arm64 | 0.1.0 | 146.00 | OK | |||
r-release-macos-x86_64 | 0.1.0 | 345.00 | OK | |||
r-release-windows-x86_64 | 0.1.0 | 12.00 | 272.00 | 284.00 | OK | |
r-oldrel-macos-arm64 | 0.1.0 | 144.00 | OK | |||
r-oldrel-macos-x86_64 | 0.1.0 | 404.00 | OK | |||
r-oldrel-windows-x86_64 | 0.1.0 | 13.00 | 337.00 | 350.00 | OK |
Version: 0.1.0
Check: examples
Result: NOTE
Examples with CPU (user + system) or elapsed time > 5s
user system elapsed
SPIChanges 5.781 0.354 9.541
Flavor: r-devel-linux-x86_64-debian-clang
These binaries (installable software) and packages are in development.
They may not be fully stable and should be used with caution. We make no claims about them.