Last updated on 2025-05-01 14:49:23 CEST.
Flavor | Version | Tinstall | Tcheck | Ttotal | Status | Flags |
---|---|---|---|---|---|---|
r-devel-linux-x86_64-debian-clang | 1.0.0 | 3.42 | 32.48 | 35.90 | NOTE | |
r-devel-linux-x86_64-debian-gcc | 1.0.0 | 2.25 | 24.83 | 27.08 | NOTE | |
r-devel-linux-x86_64-fedora-clang | 1.0.0 | 55.54 | NOTE | |||
r-devel-linux-x86_64-fedora-gcc | 1.0.0 | 55.00 | NOTE | |||
r-devel-windows-x86_64 | 1.0.0 | 5.00 | 59.00 | 64.00 | OK | |
r-patched-linux-x86_64 | 1.0.0 | 3.41 | 30.75 | 34.16 | NOTE | |
r-release-linux-x86_64 | NOTE | |||||
r-release-macos-arm64 | 1.0.0 | 23.00 | OK | |||
r-release-macos-x86_64 | 1.0.0 | 40.00 | OK | |||
r-release-windows-x86_64 | 1.0.0 | 5.00 | 67.00 | 72.00 | OK | |
r-oldrel-macos-arm64 | 1.0.0 | 21.00 | OK | |||
r-oldrel-macos-x86_64 | 1.0.0 | 32.00 | OK | |||
r-oldrel-windows-x86_64 | 1.0.0 | 5.00 | 62.00 | 67.00 | OK |
Version: 1.0.0
Check: CRAN incoming feasibility
Result: NOTE
Maintainer: ‘Iván Ayala-Bizarro <ivan.ayala@unh.edu.pe>’
The Description field contains
http://drought.unl.edu/monitoringtools/downloadablespiprogram.aspx.
Please enclose URLs in angle brackets (<...>).
Flavors: r-devel-linux-x86_64-debian-clang, r-devel-linux-x86_64-debian-gcc
Version: 1.0.0
Check: for non-standard things in the check directory
Result: NOTE
Found the following files/directories:
‘AlphaGA_3.txt’ ‘AlphaML_3.txt’ ‘BetaGA_3.txt’ ‘BetaML_3.txt’
‘Performance_GA_ML_ 3 .pdf’ ‘SPIGA_3Pmon.Pm_St1.pdf’
‘SPIGA_3Pmon.Pm_St2.pdf’ ‘SPI_AG_3.txt’ ‘SPI_ML_3.txt’
‘SPI_ML_3Pm_St1.pdf’ ‘SPI_ML_3Pm_St2.pdf’ ‘SPI_ML_3Pm_St3.pdf’
‘SPI_ML_3Pm_St4.pdf’ ‘SPI_PARAM_3.txt’ ‘SPI_PARAM_3Pm_St1.pdf’
‘SPI_PARAM_3Pm_St2.pdf’ ‘SPI_PARAM_3Pm_St3.pdf’
‘SPI_PARAM_3Pm_St4.pdf’
Flavors: r-devel-linux-x86_64-debian-clang, r-devel-linux-x86_64-debian-gcc, r-devel-linux-x86_64-fedora-clang, r-devel-linux-x86_64-fedora-gcc, r-patched-linux-x86_64, r-release-linux-x86_64
These binaries (installable software) and packages are in development.
They may not be fully stable and should be used with caution. We make no claims about them.