Last updated on 2025-11-11 15:50:48 CET.
| Flavor | Version | Tinstall | Tcheck | Ttotal | Status | Flags |
|---|---|---|---|---|---|---|
| r-devel-linux-x86_64-debian-clang | 4.1.0 | 1.72 | 21.73 | 23.45 | NOTE | |
| r-devel-linux-x86_64-debian-gcc | 4.1.0 | 1.46 | 17.99 | 19.45 | NOTE | |
| r-devel-linux-x86_64-fedora-clang | 4.1.0 | 33.70 | OK | |||
| r-devel-linux-x86_64-fedora-gcc | 4.1.0 | 32.00 | OK | |||
| r-devel-windows-x86_64 | 4.1.0 | 4.00 | 37.00 | 41.00 | OK | |
| r-patched-linux-x86_64 | 4.1.0 | 2.04 | 20.73 | 22.77 | OK | |
| r-release-linux-x86_64 | 4.1.0 | 1.78 | 20.62 | 22.40 | OK | |
| r-release-macos-arm64 | 4.1.0 | 1.00 | 14.00 | 15.00 | OK | |
| r-release-macos-x86_64 | 4.1.0 | 2.00 | 20.00 | 22.00 | OK | |
| r-release-windows-x86_64 | 4.1.0 | 3.00 | 37.00 | 40.00 | OK | |
| r-oldrel-macos-arm64 | 4.1.0 | 1.00 | 13.00 | 14.00 | OK | |
| r-oldrel-macos-x86_64 | 4.1.0 | 2.00 | 21.00 | 23.00 | OK | |
| r-oldrel-windows-x86_64 | 4.1.0 | 3.00 | 40.00 | 43.00 | OK |
Version: 4.1.0
Check: CRAN incoming feasibility
Result: NOTE
Maintainer: ‘Johannes W. Dietrich <johannes.dietrich@ruhr-uni-bochum.de>’
Package CITATION file contains call(s) to old-style personList() or
as.personList(). Please use c() on person objects instead.
Flavors: r-devel-linux-x86_64-debian-clang, r-devel-linux-x86_64-debian-gcc
These binaries (installable software) and packages are in development.
They may not be fully stable and should be used with caution. We make no claims about them.