Last updated on 2025-11-14 05:51:16 CET.
| Flavor | Version | Tinstall | Tcheck | Ttotal | Status | Flags |
|---|---|---|---|---|---|---|
| r-devel-linux-x86_64-debian-clang | 1.1.2 | 8.28 | 126.99 | 135.27 | NOTE | |
| r-devel-linux-x86_64-debian-gcc | 1.1.2 | 6.38 | 78.09 | 84.47 | NOTE | |
| r-devel-linux-x86_64-fedora-clang | 1.1.2 | 42.00 | 173.44 | 215.44 | OK | |
| r-devel-linux-x86_64-fedora-gcc | 1.1.2 | 20.00 | 194.62 | 214.62 | OK | |
| r-devel-windows-x86_64 | 1.1.2 | 10.00 | 115.00 | 125.00 | OK | |
| r-patched-linux-x86_64 | 1.1.2 | 8.35 | 116.12 | 124.47 | OK | |
| r-release-linux-x86_64 | 1.1.2 | 8.32 | 116.67 | 124.99 | OK | |
| r-release-macos-arm64 | 1.1.2 | 3.00 | 54.00 | 57.00 | OK | |
| r-release-macos-x86_64 | 1.1.2 | 6.00 | 142.00 | 148.00 | OK | |
| r-release-windows-x86_64 | 1.1.2 | 9.00 | 113.00 | 122.00 | OK | |
| r-oldrel-macos-arm64 | 1.1.2 | 4.00 | 50.00 | 54.00 | OK | |
| r-oldrel-macos-x86_64 | 1.1.2 | 5.00 | 83.00 | 88.00 | OK | |
| r-oldrel-windows-x86_64 | 1.1.2 | 13.00 | 163.00 | 176.00 | OK |
Version: 1.1.2
Check: CRAN incoming feasibility
Result: NOTE
Maintainer: ‘Melantha Wang <wang.melantha@gmail.com>’
The Description field contains
Cost Experience Simulator" <arXiv:2109.04058>.
Please refer to arXiv e-prints via their arXiv DOI <doi:10.48550/arXiv.YYMM.NNNNN>.
Flavors: r-devel-linux-x86_64-debian-clang, r-devel-linux-x86_64-debian-gcc
These binaries (installable software) and packages are in development.
They may not be fully stable and should be used with caution. We make no claims about them.