Last updated on 2025-10-23 11:50:29 CEST.
Flavor | Version | Tinstall | Tcheck | Ttotal | Status | Flags |
---|---|---|---|---|---|---|
r-devel-linux-x86_64-debian-clang | 1.1.2 | 7.78 | 125.14 | 132.92 | NOTE | |
r-devel-linux-x86_64-debian-gcc | 1.1.2 | 5.79 | 79.92 | 85.71 | NOTE | |
r-devel-linux-x86_64-fedora-clang | 1.1.2 | 23.00 | 190.94 | 213.94 | OK | |
r-devel-linux-x86_64-fedora-gcc | 1.1.2 | 20.00 | 195.21 | 215.21 | OK | |
r-devel-windows-x86_64 | 1.1.2 | 10.00 | 117.00 | 127.00 | OK | |
r-patched-linux-x86_64 | 1.1.2 | 7.88 | 116.42 | 124.30 | OK | |
r-release-linux-x86_64 | 1.1.2 | 7.64 | 116.23 | 123.87 | OK | |
r-release-macos-arm64 | 1.1.2 | 3.00 | 54.00 | 57.00 | OK | |
r-release-macos-x86_64 | 1.1.2 | 6.00 | 142.00 | 148.00 | OK | |
r-release-windows-x86_64 | 1.1.2 | 11.00 | 121.00 | 132.00 | OK | |
r-oldrel-macos-arm64 | 1.1.2 | 4.00 | 50.00 | 54.00 | OK | |
r-oldrel-macos-x86_64 | 1.1.2 | 5.00 | 83.00 | 88.00 | OK | |
r-oldrel-windows-x86_64 | 1.1.2 | 15.00 | 167.00 | 182.00 | OK |
Version: 1.1.2
Check: CRAN incoming feasibility
Result: NOTE
Maintainer: ‘Melantha Wang <wang.melantha@gmail.com>’
The Description field contains
Cost Experience Simulator" <arXiv:2109.04058>.
Please refer to arXiv e-prints via their arXiv DOI <doi:10.48550/arXiv.YYMM.NNNNN>.
Flavors: r-devel-linux-x86_64-debian-clang, r-devel-linux-x86_64-debian-gcc
These binaries (installable software) and packages are in development.
They may not be fully stable and should be used with caution. We make no claims about them.