CRAN Package Check Results for Package SPORTSCausal

Last updated on 2025-07-02 01:51:52 CEST.

Flavor Version Tinstall Tcheck Ttotal Status Flags
r-devel-linux-x86_64-debian-clang 1.0 2.11 30.41 32.52 NOTE
r-devel-linux-x86_64-debian-gcc 1.0 1.55 23.23 24.78 NOTE
r-devel-linux-x86_64-fedora-clang 1.0 53.23 OK
r-devel-linux-x86_64-fedora-gcc 1.0 53.20 OK
r-devel-windows-x86_64 1.0 4.00 50.00 54.00 OK
r-patched-linux-x86_64 OK
r-release-linux-x86_64 1.0 2.18 28.42 30.60 OK
r-release-macos-arm64 1.0 20.00 OK
r-release-macos-x86_64 1.0 34.00 OK
r-release-windows-x86_64 1.0 4.00 50.00 54.00 OK
r-oldrel-macos-arm64 1.0 19.00 OK
r-oldrel-macos-x86_64 1.0 32.00 OK
r-oldrel-windows-x86_64 1.0 4.00 58.00 62.00 OK

Check Details

Version: 1.0
Check: CRAN incoming feasibility
Result: NOTE Maintainer: ‘Feiyu Yue <yuefyopals@gmail.com>’ No Authors@R field in DESCRIPTION. Please add one, modifying Authors@R: c(person(given = "Zihao", family = "Zheng", role = "aut"), person(given = "Feiyu", family = "Yue", role = c("aut", "cre"), email = "yuefyopals@gmail.com")) as necessary. Flavors: r-devel-linux-x86_64-debian-clang, r-devel-linux-x86_64-debian-gcc

These binaries (installable software) and packages are in development.
They may not be fully stable and should be used with caution. We make no claims about them.