CRAN Package Check Results for Package SPORTSCausal

Last updated on 2025-10-03 15:50:04 CEST.

Flavor Version Tinstall Tcheck Ttotal Status Flags
r-devel-linux-x86_64-debian-clang 1.0 2.27 32.78 35.05 NOTE
r-devel-linux-x86_64-debian-gcc 1.0 1.76 24.47 26.23 NOTE
r-devel-linux-x86_64-fedora-clang 1.0 55.69 OK
r-devel-linux-x86_64-fedora-gcc 1.0 53.58 OK
r-devel-windows-x86_64 1.0 5.00 51.00 56.00 OK
r-patched-linux-x86_64 1.0 2.36 30.93 33.29 OK
r-release-linux-x86_64 1.0 2.00 30.55 32.55 OK
r-release-macos-arm64 1.0 20.00 OK
r-release-macos-x86_64 1.0 34.00 OK
r-release-windows-x86_64 1.0 5.00 51.00 56.00 OK
r-oldrel-macos-arm64 1.0 19.00 OK
r-oldrel-macos-x86_64 1.0 32.00 OK
r-oldrel-windows-x86_64 1.0 5.00 59.00 64.00 OK

Check Details

Version: 1.0
Check: CRAN incoming feasibility
Result: NOTE Maintainer: ‘Feiyu Yue <yuefyopals@gmail.com>’ No Authors@R field in DESCRIPTION. Please add one, modifying Authors@R: c(person(given = "Zihao", family = "Zheng", role = "aut"), person(given = "Feiyu", family = "Yue", role = c("aut", "cre"), email = "yuefyopals@gmail.com")) as necessary. Flavors: r-devel-linux-x86_64-debian-clang, r-devel-linux-x86_64-debian-gcc

These binaries (installable software) and packages are in development.
They may not be fully stable and should be used with caution. We make no claims about them.