Last updated on 2025-10-25 09:49:45 CEST.
| Flavor | Version | Tinstall | Tcheck | Ttotal | Status | Flags |
|---|---|---|---|---|---|---|
| r-devel-linux-x86_64-debian-clang | 1.2 | 22.63 | 24.66 | 47.29 | WARN | |
| r-devel-linux-x86_64-debian-gcc | 1.2 | 14.31 | 19.94 | 34.25 | WARN | |
| r-devel-linux-x86_64-fedora-clang | 1.2 | 60.00 | 29.39 | 89.39 | NOTE | |
| r-devel-linux-x86_64-fedora-gcc | 1.2 | 40.00 | 36.04 | 76.04 | NOTE | |
| r-devel-windows-x86_64 | 1.2 | 29.00 | 58.00 | 87.00 | NOTE | |
| r-patched-linux-x86_64 | 1.2 | 23.34 | 24.10 | 47.44 | NOTE | |
| r-release-linux-x86_64 | 1.2 | 23.62 | 23.77 | 47.39 | NOTE | |
| r-release-macos-arm64 | 1.2 | 9.00 | 18.00 | 27.00 | NOTE | |
| r-release-macos-x86_64 | 1.2 | 19.00 | 32.00 | 51.00 | NOTE | |
| r-release-windows-x86_64 | 1.2 | 29.00 | 67.00 | 96.00 | NOTE | |
| r-oldrel-macos-arm64 | 1.2 | 10.00 | 15.00 | 25.00 | NOTE | |
| r-oldrel-macos-x86_64 | 1.2 | 11.00 | 23.00 | 34.00 | NOTE | |
| r-oldrel-windows-x86_64 | 1.2 | 34.00 | 76.00 | 110.00 | NOTE |
Version: 1.2
Check: whether package can be installed
Result: WARN
Found the following significant warnings:
/home/hornik/tmp/R.check/r-devel-clang/Work/build/Packages/RcppArmadillo/include/RcppArmadillo/version/arma.h:66:17: warning: Using fallback compilation with Armadillo 14.6.3. Please consider defining -DARMA_USE_CURRENT and also removing C++11 compilation directive. See GitHub issue #475 for more. [-W#pragma-messages]
See ‘/home/hornik/tmp/R.check/r-devel-clang/Work/PKGS/SPlit.Rcheck/00install.out’ for details.
* used C++ compiler: ‘Debian clang version 19.1.7 (7)’
Flavor: r-devel-linux-x86_64-debian-clang
Version: 1.2
Check: C++ specification
Result: NOTE
Specified C++11: please drop specification unless essential
Flavors: r-devel-linux-x86_64-debian-clang, r-devel-linux-x86_64-debian-gcc, r-devel-linux-x86_64-fedora-clang, r-devel-linux-x86_64-fedora-gcc, r-devel-windows-x86_64, r-patched-linux-x86_64, r-release-linux-x86_64, r-release-macos-arm64, r-release-macos-x86_64, r-release-windows-x86_64, r-oldrel-macos-arm64, r-oldrel-macos-x86_64, r-oldrel-windows-x86_64
Version: 1.2
Check: whether package can be installed
Result: WARN
Found the following significant warnings:
/home/hornik/tmp/R.check/r-devel-gcc/Work/build/Packages/RcppArmadillo/include/RcppArmadillo/version/arma.h:66:199: note: ‘#pragma message: Using fallback compilation with Armadillo 14.6.3. Please consider defining -DARMA_USE_CURRENT and also removing C++11 compilation directive. See GitHub issue #475 for more.’
See ‘/home/hornik/tmp/R.check/r-devel-gcc/Work/PKGS/SPlit.Rcheck/00install.out’ for details.
* used C++ compiler: ‘g++-15 (Debian 15.2.0-4) 15.2.0’
Flavor: r-devel-linux-x86_64-debian-gcc
These binaries (installable software) and packages are in development.
They may not be fully stable and should be used with caution. We make no claims about them.