Last updated on 2025-11-11 15:50:49 CET.
| Flavor | Version | Tinstall | Tcheck | Ttotal | Status | Flags |
|---|---|---|---|---|---|---|
| r-devel-linux-x86_64-debian-clang | 1.0 | 2.65 | 26.04 | 28.69 | NOTE | |
| r-devel-linux-x86_64-debian-gcc | 1.0 | 1.96 | 21.35 | 23.31 | NOTE | |
| r-devel-linux-x86_64-fedora-clang | 1.0 | 42.18 | OK | |||
| r-devel-linux-x86_64-fedora-gcc | 1.0 | 40.47 | OK | |||
| r-devel-windows-x86_64 | 1.0 | 4.00 | 43.00 | 47.00 | OK | |
| r-patched-linux-x86_64 | 1.0 | 2.63 | 24.86 | 27.49 | OK | |
| r-release-linux-x86_64 | 1.0 | 2.66 | 24.69 | 27.35 | OK | |
| r-release-macos-arm64 | 1.0 | 2.00 | 35.00 | 37.00 | OK | |
| r-release-macos-x86_64 | 1.0 | 4.00 | 31.00 | 35.00 | OK | |
| r-release-windows-x86_64 | 1.0 | 4.00 | 42.00 | 46.00 | OK | |
| r-oldrel-macos-arm64 | 1.0 | 2.00 | 16.00 | 18.00 | OK | |
| r-oldrel-macos-x86_64 | 1.0 | 2.00 | 24.00 | 26.00 | OK | |
| r-oldrel-windows-x86_64 | 1.0 | 5.00 | 47.00 | 52.00 | OK |
Version: 1.0
Check: CRAN incoming feasibility
Result: NOTE
Maintainer: ‘DongHyuk Lee <leedhyuk@gmail.com>’
No Authors@R field in DESCRIPTION.
Please add one, modifying
Authors@R: c(person(given = "DongHyuk",
family = "Lee",
role = c("aut", "cre"),
email = "leedhyuk@gmail.com"),
person(given = "Samiran",
family = "Sinha",
role = "aut"))
as necessary.
Flavors: r-devel-linux-x86_64-debian-clang, r-devel-linux-x86_64-debian-gcc
These binaries (installable software) and packages are in development.
They may not be fully stable and should be used with caution. We make no claims about them.