CRAN Package Check Results for Package SQLove

Last updated on 2025-10-03 01:50:04 CEST.

Flavor Version Tinstall Tcheck Ttotal Status Flags
r-devel-linux-x86_64-debian-clang 1.0.2 1.77 24.20 25.97 OK
r-devel-linux-x86_64-debian-gcc 1.0.2 1.26 20.18 21.44 OK
r-devel-linux-x86_64-fedora-clang 1.0.2 39.55 NOTE
r-devel-linux-x86_64-fedora-gcc 1.0.2 50.43 NOTE
r-devel-windows-x86_64 1.0.2 3.00 49.00 52.00 OK
r-patched-linux-x86_64 1.0.2 1.81 23.18 24.99 OK
r-release-linux-x86_64 1.0.2 1.63 23.41 25.04 OK
r-release-macos-arm64 1.0.2 25.00 OK
r-release-macos-x86_64 1.0.2 40.00 OK
r-release-windows-x86_64 1.0.2 4.00 50.00 54.00 OK
r-oldrel-macos-arm64 1.0.2 29.00 OK
r-oldrel-macos-x86_64 1.0.2 46.00 OK
r-oldrel-windows-x86_64 1.0.2 4.00 51.00 55.00 OK

Check Details

Version: 1.0.2
Check: dependencies in R code
Result: NOTE Namespace in Imports field not imported from: ‘odbc’ All declared Imports should be used. Flavors: r-devel-linux-x86_64-fedora-clang, r-devel-linux-x86_64-fedora-gcc

These binaries (installable software) and packages are in development.
They may not be fully stable and should be used with caution. We make no claims about them.